Last updated on 2016-10-24 23:48:35.
Flavor | Version | Tinstall | Tcheck | Ttotal | Status | Flags |
---|---|---|---|---|---|---|
r-devel-linux-x86_64-debian-clang | 2.12.0 | 10.14 | 7.14 | 17.28 | NOTE | |
r-devel-linux-x86_64-debian-gcc | 2.12.0 | 9.82 | 6.90 | 16.73 | NOTE | |
r-devel-linux-x86_64-fedora-clang | 2.12.0 | 28.79 | NOTE | |||
r-devel-linux-x86_64-fedora-gcc | 2.12.0 | 26.45 | NOTE | |||
r-devel-macos-x86_64-clang | 2.12.0 | 23.67 | NOTE | |||
r-devel-windows-ix86+x86_64 | 2.12.0 | 90.00 | 28.00 | 118.00 | NOTE | |
r-patched-linux-x86_64 | 2.12.0 | 9.18 | 6.66 | 15.84 | NOTE | |
r-patched-solaris-sparc | 2.12.0 | 148.20 | NOTE | |||
r-patched-solaris-x86 | 2.12.0 | 38.60 | NOTE | |||
r-release-linux-x86_64 | 2.12.0 | 9.22 | 6.67 | 15.89 | NOTE | |
r-release-osx-x86_64-mavericks | 2.12.0 | NOTE | ||||
r-release-windows-ix86+x86_64 | 2.12.0 | 89.00 | 21.00 | 110.00 | NOTE | |
r-oldrel-windows-ix86+x86_64 | 2.12.0 | 110.00 | 28.00 | 138.00 | NOTE |
Version: 2.12.0
Check: installed package size
Result: NOTE
installed size is 8.5Mb
sub-directories of 1Mb or more:
include 7.0Mb
lib 1.4Mb
Flavors: r-devel-linux-x86_64-debian-clang, r-devel-linux-x86_64-debian-gcc, r-devel-linux-x86_64-fedora-clang, r-devel-linux-x86_64-fedora-gcc, r-devel-macos-x86_64-clang, r-devel-windows-ix86+x86_64, r-patched-linux-x86_64, r-patched-solaris-sparc, r-patched-solaris-x86, r-release-linux-x86_64, r-release-osx-x86_64-mavericks, r-release-windows-ix86+x86_64, r-oldrel-windows-ix86+x86_64