Last updated on 2016-10-24 23:48:36.
Flavor | Version | Tinstall | Tcheck | Ttotal | Status | Flags |
---|---|---|---|---|---|---|
r-devel-linux-x86_64-debian-clang | 1.5 | 74.03 | 61.18 | 135.21 | NOTE | |
r-devel-linux-x86_64-debian-gcc | 1.5 | 74.26 | 60.95 | 135.21 | NOTE | |
r-devel-linux-x86_64-fedora-clang | 1.5 | 256.69 | NOTE | |||
r-devel-linux-x86_64-fedora-gcc | 1.5 | 252.42 | NOTE | |||
r-devel-macos-x86_64-clang | 1.5 | 169.72 | NOTE | |||
r-devel-windows-ix86+x86_64 | 1.5 | 226.00 | 121.00 | 347.00 | OK | |
r-patched-linux-x86_64 | 1.5 | 63.78 | 60.34 | 124.12 | NOTE | |
r-patched-solaris-sparc | 1.5 | 1292.60 | NOTE | |||
r-patched-solaris-x86 | 1.5 | 239.50 | NOTE | |||
r-release-linux-x86_64 | 1.5 | 61.76 | 57.98 | 119.73 | NOTE | |
r-release-osx-x86_64-mavericks | 1.5 | NOTE | ||||
r-release-windows-ix86+x86_64 | 1.5 | 225.00 | 134.00 | 359.00 | OK | |
r-oldrel-windows-ix86+x86_64 | 1.5 | 70.00 | 2.00 | 72.00 | ERROR |
Memtest notes: clang-UBSAN clang-UBSAN gcc6-UBSAN gcc6-UBSAN gcc7-UBSAN gcc7-UBSAN valgrind valgrind
Version: 1.5
Check: installed package size
Result: NOTE
installed size is 35.4Mb
sub-directories of 1Mb or more:
libs 34.2Mb
Flavors: r-devel-linux-x86_64-debian-clang, r-devel-linux-x86_64-debian-gcc, r-devel-linux-x86_64-fedora-clang, r-devel-linux-x86_64-fedora-gcc, r-patched-linux-x86_64, r-release-linux-x86_64, r-release-osx-x86_64-mavericks
Version: 1.5
Check: dependencies in R code
Result: NOTE
Namespace in Imports field not imported from: ‘scales’
All declared Imports should be used.
Flavors: r-devel-linux-x86_64-fedora-clang, r-devel-linux-x86_64-fedora-gcc, r-devel-macos-x86_64-clang, r-patched-solaris-sparc, r-patched-solaris-x86, r-release-osx-x86_64-mavericks
Version: 1.5
Check: whether package can be installed
Result: ERROR
Installation failed.
Flavor: r-oldrel-windows-ix86+x86_64