Last updated on 2016-10-24 23:48:36.
Flavor | Version | Tinstall | Tcheck | Ttotal | Status | Flags |
---|---|---|---|---|---|---|
r-devel-linux-x86_64-debian-clang | 2.10 | 2.22 | 48.58 | 50.80 | NOTE | |
r-devel-linux-x86_64-debian-gcc | 2.10 | 2.39 | 47.91 | 50.30 | NOTE | |
r-devel-linux-x86_64-fedora-clang | 2.10 | 89.03 | NOTE | |||
r-devel-linux-x86_64-fedora-gcc | 2.10 | 87.74 | NOTE | |||
r-devel-macos-x86_64-clang | 2.10 | 71.64 | NOTE | |||
r-devel-windows-ix86+x86_64 | 2.10 | 11.00 | 107.00 | 118.00 | OK | |
r-patched-linux-x86_64 | 2.10 | 2.25 | 45.04 | 47.29 | NOTE | |
r-patched-solaris-sparc | 2.10 | 521.30 | NOTE | |||
r-patched-solaris-x86 | 2.10 | 97.00 | NOTE | |||
r-release-linux-x86_64 | 2.10 | 2.28 | 45.31 | 47.59 | NOTE | |
r-release-osx-x86_64-mavericks | 2.10 | FAIL | ||||
r-release-windows-ix86+x86_64 | 2.10 | 12.00 | 88.00 | 100.00 | OK | |
r-oldrel-windows-ix86+x86_64 | 2.10 | 12.00 | 90.00 | 102.00 | OK |
Version: 2.10
Check: package dependencies
Result: NOTE
Package suggested but not available for checking: ‘R2wd’
Flavors: r-devel-linux-x86_64-debian-clang, r-devel-linux-x86_64-debian-gcc, r-devel-linux-x86_64-fedora-clang, r-devel-linux-x86_64-fedora-gcc, r-devel-macos-x86_64-clang, r-patched-linux-x86_64, r-patched-solaris-sparc, r-patched-solaris-x86, r-release-linux-x86_64, r-release-osx-x86_64-mavericks
Version: 2.10
Check: dependencies in R code
Result: FAIL
Flavor: r-release-osx-x86_64-mavericks