Last updated on 2016-10-24 23:48:38.
Flavor | Version | Tinstall | Tcheck | Ttotal | Status | Flags |
---|---|---|---|---|---|---|
r-devel-linux-x86_64-debian-clang | 4.6.0 | 13.35 | 83.54 | 96.89 | OK | |
r-devel-linux-x86_64-debian-gcc | 4.6.0 | 14.16 | 82.59 | 96.75 | OK | |
r-devel-linux-x86_64-fedora-clang | 4.6.0 | 205.07 | OK | |||
r-devel-linux-x86_64-fedora-gcc | 4.6.0 | 201.84 | OK | |||
r-devel-macos-x86_64-clang | 4.6.0 | 150.27 | OK | |||
r-devel-windows-ix86+x86_64 | 4.6.0 | 52.00 | 236.00 | 288.00 | OK | |
r-patched-linux-x86_64 | 4.6.0 | 12.44 | 81.16 | 93.60 | OK | |
r-patched-solaris-sparc | 4.6.0 | 1096.20 | NOTE | |||
r-patched-solaris-x86 | 4.6.0 | 229.90 | NOTE | |||
r-release-linux-x86_64 | 4.6.0 | 13.70 | 79.73 | 93.43 | OK | |
r-release-osx-x86_64-mavericks | 4.6.0 | OK | ||||
r-release-windows-ix86+x86_64 | 4.6.0 | 52.00 | 232.00 | 284.00 | OK | |
r-oldrel-windows-ix86+x86_64 | 4.6.0 | 51.00 | 232.00 | 283.00 | OK |
Version: 4.6.0
Check: Rd cross-references
Result: NOTE
Package unavailable to check Rd xrefs: ‘StatDA’
Flavors: r-patched-solaris-sparc, r-patched-solaris-x86