CRAN Package Check Results for Package anim.plots

Last updated on 2016-10-24 23:48:07.

Flavor Version Tinstall Tcheck Ttotal Status Flags
r-devel-linux-x86_64-debian-clang 0.1 0.83 19.69 20.52 NOTE
r-devel-linux-x86_64-debian-gcc 0.1 0.96 19.52 20.48 NOTE
r-devel-linux-x86_64-fedora-clang 0.1 36.51 NOTE
r-devel-linux-x86_64-fedora-gcc 0.1 34.93 NOTE
r-devel-macos-x86_64-clang 0.1 29.59 NOTE
r-devel-windows-ix86+x86_64 0.1 6.00 69.00 75.00 NOTE
r-patched-linux-x86_64 0.1 0.94 18.39 19.33 NOTE
r-patched-solaris-sparc 0.1 217.60 NOTE
r-patched-solaris-x86 0.1 47.30 NOTE
r-release-linux-x86_64 0.1 0.82 18.43 19.25 NOTE
r-release-osx-x86_64-mavericks 0.1 NOTE
r-release-windows-ix86+x86_64 0.1 5.00 43.00 48.00 NOTE
r-oldrel-windows-ix86+x86_64 0.1 5.00 57.00 62.00 OK

Check Details

Version: 0.1
Check: R code for possible problems
Result: NOTE
    .col.interp : <anonymous>: no visible global function definition for
     ‘colorRampPalette’
    .do.loop: no visible binding for global variable ‘points’
    .do.loop: no visible binding for global variable ‘lines’
    .do.loop: no visible binding for global variable ‘text’
    .do.loop: no visible binding for global variable ‘symbols’
    .do.loop: no visible binding for global variable ‘segments’
    .do.loop: no visible binding for global variable ‘arrows’
    .interp : <anonymous>: no visible global function definition for
     ‘approx’
    .interp: no visible global function definition for ‘approx’
    .plot.segments: no visible global function definition for ‘plot’
    .setup.anim: no visible global function definition for ‘dev.cur’
    .setup.anim: no visible global function definition for ‘dev.new’
    .setup.anim: no visible global function definition for ‘dev.control’
    anim.arrows: no visible binding for global variable ‘arrows’
    anim.barplot.default: no visible global function definition for ‘tail’
    anim.barplot.default: no visible binding for global variable ‘barplot’
    anim.contour.default: no visible binding for global variable ‘contour’
    anim.filled.contour.default: no visible binding for global variable
     ‘filled.contour’
    anim.hist: no visible binding for global variable ‘hist’
    anim.lines.default: no visible binding for global variable ‘lines’
    anim.plot.default: no visible binding for global variable ‘lines’
    anim.plot.default: no visible global function definition for ‘par’
    anim.plot.default: no visible binding for global variable ‘plot’
    anim.plot.default: no visible global function definition for
     ‘xy.coords’
    anim.plot.default: no visible binding for global variable ‘text’
    anim.plot.formula: no visible binding for global variable ‘plot’
    anim.plot.formula: no visible global function definition for
     ‘model.frame’
    anim.points.default: no visible binding for global variable ‘points’
    anim.segments: no visible binding for global variable ‘segments’
    anim.symbols: no visible binding for global variable ‘symbols’
    anim.text.default: no visible binding for global variable ‘text’
    Undefined global functions or variables:
     approx arrows barplot colorRampPalette contour dev.control dev.cur
     dev.new filled.contour hist lines model.frame par plot points
     segments symbols tail text xy.coords
    Consider adding
     importFrom("grDevices", "colorRampPalette", "dev.control", "dev.cur",
     "dev.new", "xy.coords")
     importFrom("graphics", "arrows", "barplot", "contour",
     "filled.contour", "hist", "lines", "par", "plot", "points",
     "segments", "symbols", "text")
     importFrom("stats", "approx", "model.frame")
     importFrom("utils", "tail")
    to your NAMESPACE file.
Flavors: r-devel-linux-x86_64-debian-clang, r-devel-linux-x86_64-debian-gcc, r-devel-linux-x86_64-fedora-clang, r-devel-linux-x86_64-fedora-gcc, r-devel-macos-x86_64-clang, r-devel-windows-ix86+x86_64, r-patched-linux-x86_64, r-patched-solaris-sparc, r-patched-solaris-x86, r-release-linux-x86_64, r-release-osx-x86_64-mavericks, r-release-windows-ix86+x86_64