Last updated on 2016-10-24 23:48:08.
Flavor | Version | Tinstall | Tcheck | Ttotal | Status | Flags |
---|---|---|---|---|---|---|
r-devel-linux-x86_64-debian-clang | 3.0.0 | 4.89 | 95.83 | 100.71 | NOTE | |
r-devel-linux-x86_64-debian-gcc | 3.0.0 | 4.78 | 93.68 | 98.45 | NOTE | |
r-devel-linux-x86_64-fedora-clang | 3.0.0 | 99.76 | NOTE | |||
r-devel-linux-x86_64-fedora-gcc | 3.0.0 | 180.11 | NOTE | |||
r-devel-macos-x86_64-clang | 3.0.0 | 146.75 | NOTE | |||
r-devel-windows-ix86+x86_64 | 3.0.0 | 45.00 | 161.00 | 206.00 | NOTE | |
r-patched-linux-x86_64 | 3.0.0 | 4.72 | 91.37 | 96.09 | NOTE | |
r-patched-solaris-sparc | 3.0.0 | 1062.20 | NOTE | |||
r-patched-solaris-x86 | 3.0.0 | 194.50 | NOTE | |||
r-release-linux-x86_64 | 3.0.0 | 4.90 | 90.24 | 95.13 | NOTE | |
r-release-osx-x86_64-mavericks | 3.0.0 | NOTE | ||||
r-release-windows-ix86+x86_64 | 3.0.0 | 24.00 | 142.00 | 166.00 | NOTE | |
r-oldrel-windows-ix86+x86_64 | 3.0.0 | 15.00 | 140.00 | 155.00 | NOTE |
Version: 3.0.0
Check: package dependencies
Result: NOTE
Packages suggested but not available for checking:
‘sfit’ ‘expectile’ ‘HaarSeg’ ‘mpcbs’
Flavors: r-devel-linux-x86_64-debian-clang, r-devel-linux-x86_64-debian-gcc, r-devel-linux-x86_64-fedora-clang, r-devel-linux-x86_64-fedora-gcc, r-devel-macos-x86_64-clang, r-devel-windows-ix86+x86_64, r-patched-linux-x86_64, r-release-linux-x86_64, r-release-osx-x86_64-mavericks, r-release-windows-ix86+x86_64, r-oldrel-windows-ix86+x86_64
Version: 3.0.0
Check: package dependencies
Result: NOTE
Packages suggested but not available for checking:
‘EBImage’ ‘sfit’ ‘expectile’ ‘HaarSeg’ ‘mpcbs’
Flavors: r-patched-solaris-sparc, r-patched-solaris-x86