Last updated on 2016-10-24 23:48:08.
Flavor | Version | Tinstall | Tcheck | Ttotal | Status | Flags |
---|---|---|---|---|---|---|
r-devel-linux-x86_64-debian-clang | 1.0.2 | 1.02 | 18.92 | 19.94 | NOTE | |
r-devel-linux-x86_64-debian-gcc | 1.0.2 | 1.10 | 19.10 | 20.19 | NOTE | |
r-devel-linux-x86_64-fedora-clang | 1.0.2 | 37.39 | NOTE | |||
r-devel-linux-x86_64-fedora-gcc | 1.0.2 | 35.69 | NOTE | |||
r-devel-macos-x86_64-clang | 1.0.2 | 30.62 | NOTE | |||
r-devel-windows-ix86+x86_64 | 1.0.2 | 6.00 | 55.00 | 61.00 | NOTE | |
r-patched-linux-x86_64 | 1.0.2 | 1.06 | 17.93 | 18.99 | NOTE | |
r-patched-solaris-sparc | 1.0.2 | 215.20 | NOTE | |||
r-patched-solaris-x86 | 1.0.2 | 45.70 | NOTE | |||
r-release-linux-x86_64 | 1.0.2 | 0.93 | 18.00 | 18.93 | NOTE | |
r-release-osx-x86_64-mavericks | 1.0.2 | NOTE | ||||
r-release-windows-ix86+x86_64 | 1.0.2 | 5.00 | 40.00 | 45.00 | NOTE | |
r-oldrel-windows-ix86+x86_64 | 1.0.2 | 6.00 | 56.00 | 62.00 | OK |
Version: 1.0.2
Check: R code for possible problems
Result: NOTE
VPC.graph : findQuantile: no visible global function definition for
‘quantile’
VPC.graph : findQuantileCI : <anonymous>: no visible global function
definition for ‘quantile’
asVPC.binW: no visible global function definition for ‘median’
asVPC.binW : <anonymous>: no visible global function definition for
‘quantile’
asVPC.binW: no visible global function definition for ‘quantile’
asVPC.distanceW: no visible global function definition for ‘median’
asVPC.distanceW : <anonymous>: no visible global function definition
for ‘quantile’
asVPC.distanceW: no visible global function definition for ‘quantile’
makeCOVbin: no visible global function definition for ‘quantile’
makeCOVbin: no visible global function definition for ‘median’
read_Simdata: no visible global function definition for ‘read.table’
Undefined global functions or variables:
median quantile read.table
Consider adding
importFrom("stats", "median", "quantile")
importFrom("utils", "read.table")
to your NAMESPACE file.
Flavors: r-devel-linux-x86_64-debian-clang, r-devel-linux-x86_64-debian-gcc, r-devel-linux-x86_64-fedora-clang, r-devel-linux-x86_64-fedora-gcc, r-devel-macos-x86_64-clang, r-devel-windows-ix86+x86_64, r-patched-linux-x86_64, r-patched-solaris-sparc, r-patched-solaris-x86, r-release-linux-x86_64, r-release-osx-x86_64-mavericks, r-release-windows-ix86+x86_64