Last updated on 2016-10-24 23:48:08.
Flavor | Version | Tinstall | Tcheck | Ttotal | Status | Flags |
---|---|---|---|---|---|---|
r-devel-linux-x86_64-debian-clang | 0.0-2 | 0.99 | 12.29 | 13.28 | OK | |
r-devel-linux-x86_64-debian-gcc | 0.0-2 | 0.99 | 12.25 | 13.24 | OK | |
r-devel-linux-x86_64-fedora-clang | 0.0-2 | 22.89 | OK | |||
r-devel-linux-x86_64-fedora-gcc | 0.0-2 | 21.89 | OK | |||
r-devel-macos-x86_64-clang | 0.0-2 | 20.26 | OK | |||
r-devel-windows-ix86+x86_64 | 0.0-2 | 5.00 | 43.00 | 48.00 | ERROR | |
r-patched-linux-x86_64 | 0.0-2 | 0.94 | 11.35 | 12.30 | OK | |
r-patched-solaris-sparc | 0.0-2 | 132.10 | OK | |||
r-patched-solaris-x86 | 0.0-2 | 29.40 | OK | |||
r-release-linux-x86_64 | 0.0-2 | 0.88 | 11.33 | 12.20 | OK | |
r-release-osx-x86_64-mavericks | 0.0-2 | OK | ||||
r-release-windows-ix86+x86_64 | 0.0-2 | 4.00 | 35.00 | 39.00 | OK | |
r-oldrel-windows-ix86+x86_64 | 0.0-2 | 5.00 | 33.00 | 38.00 | OK |
Version: 0.0-2
Check: tests
Result: ERROR
Running the tests in 'tests/testthat.R' failed.
Last 13 lines of output:
2 element mismatches
2. Failure: test.is_library.some_paths.returns_true_when_path_is_library (@test-is-file.R#63)
cause(actual) not equal to noquote(rep.int(c("", "not a lib"), c(n_libs, 1))).
2 string mismatches
testthat results ================================================================
OK: 63 SKIPPED: 0 FAILED: 2
1. Failure: test.is_library.some_paths.returns_true_when_path_is_library (@test-is-file.R#58)
2. Failure: test.is_library.some_paths.returns_true_when_path_is_library (@test-is-file.R#63)
Error: testthat unit tests failed
Execution halted
Flavor: r-devel-windows-ix86+x86_64