Last updated on 2016-10-24 23:48:08.
Flavor | Version | Tinstall | Tcheck | Ttotal | Status | Flags |
---|---|---|---|---|---|---|
r-devel-linux-x86_64-debian-clang | 1.0.8441 | 0.71 | 11.89 | 12.60 | WARN | |
r-devel-linux-x86_64-debian-gcc | 1.0.8441 | 0.69 | 11.85 | 12.54 | WARN | |
r-devel-linux-x86_64-fedora-clang | 1.0.8441 | 21.38 | WARN | |||
r-devel-linux-x86_64-fedora-gcc | 1.0.8441 | 20.14 | WARN | |||
r-devel-macos-x86_64-clang | 1.0.8441 | 19.00 | WARN | |||
r-devel-windows-ix86+x86_64 | 1.0.8441 | 5.00 | 31.00 | 36.00 | WARN | |
r-patched-linux-x86_64 | 1.0.8441 | 0.66 | 11.09 | 11.75 | NOTE | |
r-patched-solaris-sparc | 1.0.8441 | 124.50 | NOTE | |||
r-patched-solaris-x86 | 1.0.8441 | 27.70 | NOTE | |||
r-release-linux-x86_64 | 1.0.8441 | 0.60 | 10.81 | 11.41 | NOTE | |
r-release-osx-x86_64-mavericks | 1.0.8441 | NOTE | ||||
r-release-windows-ix86+x86_64 | 1.0.8441 | 4.00 | 30.00 | 34.00 | NOTE | |
r-oldrel-windows-ix86+x86_64 | 1.0.8441 | 5.00 | 41.00 | 46.00 | OK |
Version: 1.0.8441
Check: R code for possible problems
Result: NOTE
parse_response: no visible global function definition for ‘read.csv’
Undefined global functions or variables:
read.csv
Consider adding
importFrom("utils", "read.csv")
to your NAMESPACE file.
Flavors: r-devel-linux-x86_64-debian-clang, r-devel-linux-x86_64-debian-gcc, r-devel-linux-x86_64-fedora-clang, r-devel-linux-x86_64-fedora-gcc, r-devel-macos-x86_64-clang, r-devel-windows-ix86+x86_64, r-patched-linux-x86_64, r-patched-solaris-sparc, r-patched-solaris-x86, r-release-linux-x86_64, r-release-osx-x86_64-mavericks, r-release-windows-ix86+x86_64
Version: 1.0.8441
Check: files in ‘vignettes’
Result: WARN
Files in the 'vignettes' directory newer than all files in 'inst/doc':
‘atsd_package.Rmd’
Flavors: r-devel-linux-x86_64-debian-clang, r-devel-linux-x86_64-debian-gcc, r-devel-linux-x86_64-fedora-clang, r-devel-linux-x86_64-fedora-gcc, r-devel-macos-x86_64-clang, r-devel-windows-ix86+x86_64