Last updated on 2016-10-24 23:48:08.
Flavor | Version | Tinstall | Tcheck | Ttotal | Status | Flags |
---|---|---|---|---|---|---|
r-devel-linux-x86_64-debian-clang | 1.1-4 | 0.55 | 9.48 | 10.03 | NOTE | |
r-devel-linux-x86_64-debian-gcc | 1.1-4 | 0.53 | 9.48 | 10.01 | NOTE | |
r-devel-linux-x86_64-fedora-clang | 1.1-4 | 17.11 | NOTE | |||
r-devel-linux-x86_64-fedora-gcc | 1.1-4 | 15.97 | NOTE | |||
r-devel-macos-x86_64-clang | 1.1-4 | 15.63 | NOTE | |||
r-devel-windows-ix86+x86_64 | 1.1-4 | 4.00 | 27.00 | 31.00 | NOTE | |
r-patched-linux-x86_64 | 1.1-4 | 0.52 | 8.84 | 9.36 | NOTE | |
r-patched-solaris-sparc | 1.1-4 | 100.60 | NOTE | |||
r-patched-solaris-x86 | 1.1-4 | 23.00 | NOTE | |||
r-release-linux-x86_64 | 1.1-4 | 0.52 | 8.71 | 9.23 | NOTE | |
r-release-osx-x86_64-mavericks | 1.1-4 | NOTE | ||||
r-release-windows-ix86+x86_64 | 1.1-4 | 2.00 | 72.00 | 74.00 | NOTE | |
r-oldrel-windows-ix86+x86_64 | 1.1-4 | 2.00 | 23.00 | 25.00 | NOTE |
Version: 1.1-4
Check: dependencies in R code
Result: NOTE
'library' or 'require' call to ‘parallel’ in package code.
Please use :: or requireNamespace() instead.
See section 'Suggested packages' in the 'Writing R Extensions' manual.
':::' call which should be '::': ‘parallel:::detectCores’
See the note in ?`:::` about the use of this operator.
Flavors: r-devel-linux-x86_64-debian-clang, r-devel-linux-x86_64-debian-gcc, r-devel-linux-x86_64-fedora-clang, r-devel-linux-x86_64-fedora-gcc, r-devel-macos-x86_64-clang, r-devel-windows-ix86+x86_64, r-patched-linux-x86_64, r-patched-solaris-sparc, r-patched-solaris-x86, r-release-linux-x86_64, r-release-osx-x86_64-mavericks, r-release-windows-ix86+x86_64, r-oldrel-windows-ix86+x86_64
Version: 1.1-4
Check: R code for possible problems
Result: NOTE
asyncRunCommands: no visible global function definition for ‘runif’
mergeCsv: no visible global function definition for ‘read.csv’
mergeCsv: no visible global function definition for ‘write.csv’
Undefined global functions or variables:
read.csv runif write.csv
Consider adding
importFrom("stats", "runif")
importFrom("utils", "read.csv", "write.csv")
to your NAMESPACE file.
Flavors: r-devel-linux-x86_64-debian-clang, r-devel-linux-x86_64-debian-gcc, r-devel-linux-x86_64-fedora-clang, r-devel-linux-x86_64-fedora-gcc, r-devel-macos-x86_64-clang, r-devel-windows-ix86+x86_64, r-patched-linux-x86_64, r-patched-solaris-sparc, r-patched-solaris-x86, r-release-linux-x86_64, r-release-osx-x86_64-mavericks, r-release-windows-ix86+x86_64