Last updated on 2016-10-24 23:48:08.
Flavor | Version | Tinstall | Tcheck | Ttotal | Status | Flags |
---|---|---|---|---|---|---|
r-devel-linux-x86_64-debian-clang | 4.0.0 | 34.84 | 34.89 | 69.73 | OK | |
r-devel-linux-x86_64-debian-gcc | 4.0.0 | 38.61 | 33.31 | 71.92 | NOTE | |
r-devel-linux-x86_64-fedora-clang | 4.0.0 | 136.81 | OK | |||
r-devel-linux-x86_64-fedora-gcc | 4.0.0 | 139.48 | NOTE | |||
r-devel-macos-x86_64-clang | 4.0.0 | 90.14 | OK | |||
r-devel-windows-ix86+x86_64 | 4.0.0 | 139.00 | 102.00 | 241.00 | OK | |
r-patched-linux-x86_64 | 4.0.0 | 33.42 | 31.08 | 64.50 | OK | |
r-patched-solaris-sparc | 4.0.0 | 693.60 | OK | |||
r-patched-solaris-x86 | 4.0.0 | 131.90 | OK | |||
r-release-linux-x86_64 | 4.0.0 | 32.64 | 30.75 | 63.39 | OK | |
r-release-osx-x86_64-mavericks | 4.0.0 | OK | ||||
r-release-windows-ix86+x86_64 | 4.0.0 | 141.00 | 77.00 | 218.00 | OK | |
r-oldrel-windows-ix86+x86_64 | 4.0.0 | 130.00 | 132.00 | 262.00 | OK |
Memtest notes: clang-ASAN
Version: 4.0.0
Check: installed package size
Result: NOTE
installed size is 5.1Mb
sub-directories of 1Mb or more:
libs 4.8Mb
Flavors: r-devel-linux-x86_64-debian-gcc, r-devel-linux-x86_64-fedora-gcc