Last updated on 2016-10-24 23:48:09.
Flavor | Version | Tinstall | Tcheck | Ttotal | Status | Flags |
---|---|---|---|---|---|---|
r-devel-linux-x86_64-debian-clang | 3.3 | 1.19 | 17.02 | 18.21 | OK | |
r-devel-linux-x86_64-debian-gcc | 3.3 | 1.14 | 16.70 | 17.84 | OK | |
r-devel-linux-x86_64-fedora-clang | 3.3 | 30.09 | OK | |||
r-devel-linux-x86_64-fedora-gcc | 3.3 | 31.54 | OK | |||
r-devel-macos-x86_64-clang | 3.3 | 24.19 | OK | |||
r-devel-windows-ix86+x86_64 | 3.3 | 9.00 | 71.00 | 80.00 | OK | |
r-patched-linux-x86_64 | 3.3 | 1.07 | 15.49 | 16.56 | OK | |
r-patched-solaris-sparc | 3.3 | 163.80 | OK | |||
r-patched-solaris-x86 | 3.3 | 36.00 | OK | |||
r-release-linux-x86_64 | 3.3 | 1.01 | 15.57 | 16.57 | OK | |
r-release-osx-x86_64-mavericks | 3.3 | OK | ||||
r-release-windows-ix86+x86_64 | 3.3 | 10.00 | 39.00 | 49.00 | OK | |
r-oldrel-windows-ix86+x86_64 | 3.3 | 2.00 | 2.00 | 4.00 | ERROR |
Version: 3.3
Check: whether package can be installed
Result: ERROR
Installation failed.
Flavor: r-oldrel-windows-ix86+x86_64