CRAN Package Check Results for Package bibliometrix

Last updated on 2016-10-24 23:48:09.

Flavor Version Tinstall Tcheck Ttotal Status Flags
r-devel-linux-x86_64-debian-clang 1.2 3.26 56.36 59.62 OK
r-devel-linux-x86_64-debian-gcc 1.2 3.35 55.70 59.05 OK
r-devel-linux-x86_64-fedora-clang 1.2 128.64 OK
r-devel-linux-x86_64-fedora-gcc 1.2 134.48 OK
r-devel-macos-x86_64-clang 1.2 97.01 OK
r-devel-windows-ix86+x86_64 1.2 11.00 134.00 145.00 OK
r-patched-linux-x86_64 1.2 3.28 54.80 58.08 OK
r-patched-solaris-sparc 1.2 736.00 OK
r-patched-solaris-x86 1.2 161.90 OK
r-release-linux-x86_64 1.2 3.31 54.55 57.86 OK
r-release-osx-x86_64-mavericks 1.2 OK
r-release-windows-ix86+x86_64 1.2 14.00 103.00 117.00 OK
r-oldrel-windows-ix86+x86_64 0.1 16.00 62.00 78.00 ERROR

Check Details

Version: 0.1
Check: examples
Result: ERROR
    Running examples in 'bibliometrix-Ex.R' failed
    The error most likely occurred in:
    
    > ### Name: biblioAnalysis
    > ### Title: Bibliometric Analysis
    > ### Aliases: biblioAnalysis
    >
    > ### ** Examples
    >
    > data(scientometrics)
    >
    > results <- biblioAnalysis(scientometrics)
    >
    > summary(results, k = 10, pause = FALSE)
    
    
    Main Information about data
    
    Articles 147
    Authors 268
    Author Appearances 337
    Authors of single authored articles 24
    Authors of multi authored articles 244
    Articles per Author 0.549
    Authors per Article 1.82
    Co-Authors per Articles 2.29
    Collaboration Index 2.24
    
    
    Annual Scientific Production
    
     Year Articles
     1985 2
     1991 2
     1993 3
     1994 4
     1995 1
     1996 4
     1998 2
     1999 3
     2000 4
     2001 7
     2002 3
     2003 5
     2005 5
     2006 5
     2007 3
     2008 4
     2009 7
     2010 8
     2011 10
     2012 10
     2013 17
     2014 14
     2015 24
    
    Annual Percentage Growth Rate 11.95763
    
    
    Most Productive Authors
    
     Authors Articles Authors Articles Fractionalized
    1 SMALL,H 8 SMALL,H 6.33
    2 ZITT,M 6 ZITT,M 3.00
    3 BASSECOULARD,E 5 JARNEVING,B 2.50
    4 GLANZEL,W 5 GLANZEL,W 2.17
    5 HUANG,MH 5 BASSECOULARD,E 2.00
    6 THIJS,B 4 LO,SC 2.00
    7 AHLGREN,P 3 VANRAAN,AFJ 2.00
    8 CHEN,DZ 3 HUANG,MH 1.79
    9 JARNEVING,B 3 THIJS,B 1.67
    10 QIU,JP 3 LEYDESDORFF,L 1.50
    
    
    Most Productive Countries
    
    Error in names(Co) = c("Country ", "Articles", "Freq") :
     'names' attribute [3] must be the same length as the vector [2]
    Calls: summary -> summary.bibliometrix
    Execution halted
Flavor: r-oldrel-windows-ix86+x86_64