Last updated on 2016-10-24 23:48:09.
Flavor | Version | Tinstall | Tcheck | Ttotal | Status | Flags |
---|---|---|---|---|---|---|
r-devel-linux-x86_64-debian-clang | 0.1 | 74.78 | 28.82 | 103.59 | NOTE | |
r-devel-linux-x86_64-debian-gcc | 0.1 | 81.33 | 28.12 | 109.45 | NOTE | |
r-devel-linux-x86_64-fedora-clang | 0.1 | 202.40 | NOTE | |||
r-devel-linux-x86_64-fedora-gcc | 0.1 | 209.80 | NOTE | |||
r-devel-macos-x86_64-clang | 0.1 | 130.88 | OK | |||
r-devel-windows-ix86+x86_64 | 0.1 | 294.00 | 73.00 | 367.00 | OK | |
r-patched-linux-x86_64 | 0.1 | 70.19 | 27.86 | 98.05 | NOTE | |
r-patched-solaris-sparc | 0.1 | 984.30 | OK | |||
r-patched-solaris-x86 | 0.1 | 202.60 | OK | |||
r-release-linux-x86_64 | 0.1 | 69.05 | 28.21 | 97.26 | NOTE | |
r-release-osx-x86_64-mavericks | 0.1 | NOTE | ||||
r-release-windows-ix86+x86_64 | 0.1 | 307.00 | 63.00 | 370.00 | OK | |
r-oldrel-windows-ix86+x86_64 | 0.1 | 84.00 | 3.00 | 87.00 | ERROR |
Memtest notes: clang-UBSAN
Version: 0.1
Check: installed package size
Result: NOTE
installed size is 6.9Mb
sub-directories of 1Mb or more:
data 2.1Mb
libs 4.5Mb
Flavors: r-devel-linux-x86_64-debian-clang, r-devel-linux-x86_64-debian-gcc, r-devel-linux-x86_64-fedora-clang, r-devel-linux-x86_64-fedora-gcc, r-patched-linux-x86_64, r-release-linux-x86_64, r-release-osx-x86_64-mavericks
Version: 0.1
Check: whether package can be installed
Result: ERROR
Installation failed.
Flavor: r-oldrel-windows-ix86+x86_64