CRAN Package Check Results for Package bigFastlm

Last updated on 2016-10-24 23:48:09.

Flavor Version Tinstall Tcheck Ttotal Status Flags
r-devel-linux-x86_64-debian-clang 0.0.1 40.01 16.05 56.06 NOTE
r-devel-linux-x86_64-debian-gcc 0.0.1 40.77 15.85 56.62 NOTE
r-devel-linux-x86_64-fedora-clang 0.0.1 107.00 NOTE
r-devel-linux-x86_64-fedora-gcc 0.0.1 107.74 NOTE
r-devel-macos-x86_64-clang 0.0.1 78.66 OK
r-devel-windows-ix86+x86_64 0.0.1 131.00 56.00 187.00 WARN
r-patched-linux-x86_64 0.0.1 36.77 15.43 52.20 NOTE
r-patched-solaris-sparc 0.0.1 398.90 OK
r-patched-solaris-x86 0.0.1 101.30 OK
r-release-linux-x86_64 0.0.1 35.76 15.23 50.99 NOTE
r-release-osx-x86_64-mavericks 0.0.1 NOTE
r-release-windows-ix86+x86_64 0.0.1 127.00 43.00 170.00 OK
r-oldrel-windows-ix86+x86_64 0.0.1 119.00 71.00 190.00 OK

Memtest notes: clang-UBSAN

Check Details

Version: 0.0.1
Check: installed package size
Result: NOTE
     installed size is 28.0Mb
     sub-directories of 1Mb or more:
     libs 27.9Mb
Flavors: r-devel-linux-x86_64-debian-clang, r-devel-linux-x86_64-debian-gcc, r-devel-linux-x86_64-fedora-clang, r-devel-linux-x86_64-fedora-gcc, r-patched-linux-x86_64, r-release-linux-x86_64, r-release-osx-x86_64-mavericks

Version: 0.0.1
Check: whether package can be installed
Result: WARN
    Found the following significant warnings:
     d:\RCompile\CRANpkg\lib\3.4/BH/include/boost/unordered/detail/buckets.hpp:703:29: warning: ISO C++ 1998 does not support 'long long' [-Wlong-long]
     d:\RCompile\CRANpkg\lib\3.4/BH/include/boost/unordered/detail/buckets.hpp:708:38: warning: ISO C++ 1998 does not support 'long long' [-Wlong-long]
Flavor: r-devel-windows-ix86+x86_64