CRAN Package Check Results for Package bigalgebra

Last updated on 2016-10-24 23:48:09.

Flavor Version Tinstall Tcheck Ttotal Status Flags
r-devel-linux-x86_64-debian-clang 0.8.4 1.77 16.09 17.86 NOTE
r-devel-linux-x86_64-debian-gcc 0.8.4 1.98 16.28 18.26 NOTE
r-devel-linux-x86_64-fedora-clang 0.8.4 32.36 NOTE
r-devel-linux-x86_64-fedora-gcc 0.8.4 31.69 NOTE
r-devel-macos-x86_64-clang 0.8.4 26.66 NOTE
r-devel-windows-ix86+x86_64 0.8.4 23.00 55.00 78.00 WARN
r-patched-linux-x86_64 0.8.4 1.59 15.24 16.83 NOTE
r-patched-solaris-sparc 0.8.4 184.00 NOTE
r-patched-solaris-x86 0.8.4 42.30 NOTE
r-release-linux-x86_64 0.8.4 1.61 15.19 16.80 NOTE
r-release-osx-x86_64-mavericks 0.8.4 NOTE
r-release-windows-ix86+x86_64 0.8.4 21.00 40.00 61.00 NOTE

Memtest notes: clang-UBSAN

Check Details

Version: 0.8.4
Check: DESCRIPTION meta-information
Result: NOTE
    Malformed Title field: should not end in a period.
Flavors: r-devel-linux-x86_64-debian-clang, r-devel-linux-x86_64-debian-gcc, r-devel-linux-x86_64-fedora-clang, r-devel-linux-x86_64-fedora-gcc, r-devel-macos-x86_64-clang, r-devel-windows-ix86+x86_64, r-patched-linux-x86_64, r-patched-solaris-sparc, r-patched-solaris-x86, r-release-linux-x86_64, r-release-osx-x86_64-mavericks, r-release-windows-ix86+x86_64

Version: 0.8.4
Check: R code for possible problems
Result: NOTE
    anon_matrix: no visible global function definition for
     ‘filebacked.big.matrix’
    anon_matrix: no visible global function definition for ‘capture.output’
    finalize_anon_matrix: no visible global function definition for
     ‘capture.output’
    Undefined global functions or variables:
     capture.output filebacked.big.matrix
    Consider adding
     importFrom("utils", "capture.output")
    to your NAMESPACE file.
Flavors: r-devel-linux-x86_64-debian-clang, r-devel-linux-x86_64-debian-gcc, r-devel-linux-x86_64-fedora-clang, r-devel-linux-x86_64-fedora-gcc, r-devel-macos-x86_64-clang, r-devel-windows-ix86+x86_64, r-patched-linux-x86_64, r-patched-solaris-sparc, r-patched-solaris-x86, r-release-linux-x86_64, r-release-osx-x86_64-mavericks, r-release-windows-ix86+x86_64

Version: 0.8.4
Check: whether package can be installed
Result: WARN
    Found the following significant warnings:
     d:\RCompile\CRANpkg\lib\3.4/BH/include/boost/unordered/detail/buckets.hpp:703:29: warning: ISO C++ 1998 does not support 'long long' [-Wlong-long]
     d:\RCompile\CRANpkg\lib\3.4/BH/include/boost/unordered/detail/buckets.hpp:708:38: warning: ISO C++ 1998 does not support 'long long' [-Wlong-long]
Flavor: r-devel-windows-ix86+x86_64