Last updated on 2016-10-24 23:48:09.
Flavor | Version | Tinstall | Tcheck | Ttotal | Status | Flags |
---|---|---|---|---|---|---|
r-devel-linux-x86_64-debian-clang | 1.0-1 | 9.09 | 31.92 | 41.01 | OK | |
r-devel-linux-x86_64-debian-gcc | 1.0-1 | 9.97 | 32.79 | 42.76 | OK | |
r-devel-linux-x86_64-fedora-clang | 1.0-1 | 96.24 | OK | |||
r-devel-linux-x86_64-fedora-gcc | 1.0-1 | 95.91 | OK | |||
r-devel-macos-x86_64-clang | 1.0-1 | 70.06 | OK | |||
r-devel-windows-ix86+x86_64 | 1.0-1 | 48.00 | 96.00 | 144.00 | WARN | |
r-patched-linux-x86_64 | 1.0-1 | 8.85 | 30.66 | 39.51 | OK | |
r-patched-solaris-sparc | 1.0-1 | 511.60 | OK | |||
r-patched-solaris-x86 | 1.0-1 | 111.20 | OK | |||
r-release-linux-x86_64 | 1.0-1 | 8.21 | 31.18 | 39.39 | OK | |
r-release-osx-x86_64-mavericks | 1.0-1 | OK | ||||
r-release-windows-ix86+x86_64 | 1.0-1 | 50.00 | 74.00 | 124.00 | OK | |
r-oldrel-windows-ix86+x86_64 | 1.0-1 | 57.00 | 124.00 | 181.00 | OK |
Memtest notes: clang-UBSAN
Version: 1.0-1
Check: whether package can be installed
Result: WARN
Found the following significant warnings:
d:\RCompile\CRANpkg\lib\3.4/BH/include/boost/unordered/detail/buckets.hpp:703:29: warning: ISO C++ 1998 does not support 'long long' [-Wlong-long]
d:\RCompile\CRANpkg\lib\3.4/BH/include/boost/unordered/detail/buckets.hpp:708:38: warning: ISO C++ 1998 does not support 'long long' [-Wlong-long]
Flavor: r-devel-windows-ix86+x86_64