Last updated on 2016-10-24 23:48:09.
Flavor | Version | Tinstall | Tcheck | Ttotal | Status | Flags |
---|---|---|---|---|---|---|
r-devel-linux-x86_64-debian-clang | 1.0.1 | 1.70 | 18.65 | 20.35 | OK | |
r-devel-linux-x86_64-debian-gcc | 1.0.1 | 1.57 | 18.43 | 20.00 | OK | |
r-devel-linux-x86_64-fedora-clang | 1.0.1 | 36.43 | NOTE | |||
r-devel-linux-x86_64-fedora-gcc | 1.0.1 | 35.45 | NOTE | |||
r-devel-macos-x86_64-clang | 1.0.1 | 30.55 | NOTE | |||
r-devel-windows-ix86+x86_64 | 1.0.1 | 7.00 | 43.00 | 50.00 | OK | |
r-patched-linux-x86_64 | 1.0.1 | 1.45 | 17.63 | 19.08 | OK | |
r-patched-solaris-sparc | 1.0.1 | 216.80 | NOTE | |||
r-patched-solaris-x86 | 1.0.1 | 43.90 | NOTE | |||
r-release-linux-x86_64 | 1.0.1 | 1.50 | 17.38 | 18.88 | OK | |
r-release-osx-x86_64-mavericks | 1.0.1 | NOTE | ||||
r-release-windows-ix86+x86_64 | 1.0.1 | 7.00 | 40.00 | 47.00 | OK | |
r-oldrel-windows-ix86+x86_64 | 1.0.1 | 7.00 | 58.00 | 65.00 | OK |
Version: 1.0.1
Check: package dependencies
Result: NOTE
Package suggested but not available for checking: ‘RQuantLib’
Flavors: r-devel-linux-x86_64-fedora-clang, r-devel-linux-x86_64-fedora-gcc, r-devel-macos-x86_64-clang, r-patched-solaris-sparc, r-patched-solaris-x86, r-release-osx-x86_64-mavericks