Last updated on 2016-10-24 23:48:09.
Flavor | Version | Tinstall | Tcheck | Ttotal | Status | Flags |
---|---|---|---|---|---|---|
r-devel-linux-x86_64-debian-clang | 1.0 | 1.16 | 21.61 | 22.77 | NOTE | |
r-devel-linux-x86_64-debian-gcc | 1.0 | 1.14 | 21.47 | 22.62 | NOTE | |
r-devel-linux-x86_64-fedora-clang | 1.0 | 42.20 | NOTE | |||
r-devel-linux-x86_64-fedora-gcc | 1.0 | 40.96 | NOTE | |||
r-devel-macos-x86_64-clang | 1.0 | 34.97 | NOTE | |||
r-devel-windows-ix86+x86_64 | 1.0 | 9.00 | 57.00 | 66.00 | NOTE | |
r-patched-linux-x86_64 | 1.0 | 1.28 | 20.41 | 21.70 | NOTE | |
r-patched-solaris-sparc | 1.0 | 217.50 | NOTE | |||
r-patched-solaris-x86 | 1.0 | 51.50 | NOTE | |||
r-release-linux-x86_64 | 1.0 | 1.36 | 20.55 | 21.91 | NOTE | |
r-release-osx-x86_64-mavericks | 1.0 | NOTE | ||||
r-release-windows-ix86+x86_64 | 1.0 | 6.00 | 49.00 | 55.00 | NOTE | |
r-oldrel-windows-ix86+x86_64 | 1.0 | 7.00 | 72.00 | 79.00 | NOTE |
Version: 1.0
Check: package dependencies
Result: NOTE
Package suggested but not available for checking: ‘bigrf’
Flavors: r-devel-linux-x86_64-debian-clang, r-devel-linux-x86_64-debian-gcc, r-devel-linux-x86_64-fedora-clang, r-devel-linux-x86_64-fedora-gcc, r-devel-macos-x86_64-clang, r-devel-windows-ix86+x86_64, r-patched-linux-x86_64, r-patched-solaris-sparc, r-patched-solaris-x86, r-release-linux-x86_64, r-release-osx-x86_64-mavericks, r-release-windows-ix86+x86_64, r-oldrel-windows-ix86+x86_64
Version: 1.0
Check: dependencies in R code
Result: NOTE
Namespaces in Imports field not imported from:
‘glmnet’ ‘gtools’ ‘knitr’ ‘nnet’ ‘parallel’ ‘rJava’ ‘reshape’
‘rmarkdown’ ‘shinyjs’
All declared Imports should be used.
Flavors: r-devel-linux-x86_64-fedora-clang, r-devel-linux-x86_64-fedora-gcc, r-devel-macos-x86_64-clang, r-release-osx-x86_64-mavericks, r-oldrel-windows-ix86+x86_64
Version: 1.0
Check: dependencies in R code
Result: NOTE
Invalid maximum heap size: -Xmx4G
The specified size exceeds the maximum representable size.
Namespaces in Imports field not imported from:
‘glmnet’ ‘gtools’ ‘knitr’ ‘nnet’ ‘parallel’ ‘rJava’ ‘reshape’
‘rmarkdown’ ‘shinyjs’
All declared Imports should be used.
Flavors: r-patched-solaris-sparc, r-patched-solaris-x86