CRAN Package Check Results for Package caretEnsemble

Last updated on 2016-10-24 23:48:10.

Flavor Version Tinstall Tcheck Ttotal Status Flags
r-devel-linux-x86_64-debian-clang 2.0.0 4.42 235.37 239.79 OK
r-devel-linux-x86_64-debian-gcc 2.0.0 4.62 227.41 232.03 OK
r-devel-linux-x86_64-fedora-clang 2.0.0 418.37 OK
r-devel-linux-x86_64-fedora-gcc 2.0.0 412.64 OK
r-devel-macos-x86_64-clang 2.0.0 285.24 OK
r-devel-windows-ix86+x86_64 2.0.0 18.00 397.00 415.00 OK
r-patched-linux-x86_64 2.0.0 4.24 224.80 229.04 OK
r-patched-solaris-sparc 2.0.0 2484.50 OK
r-patched-solaris-x86 2.0.0 492.60 ERROR
r-release-linux-x86_64 2.0.0 4.49 214.81 219.30 OK
r-release-osx-x86_64-mavericks 2.0.0 OK
r-release-windows-ix86+x86_64 2.0.0 20.00 374.00 394.00 OK
r-oldrel-windows-ix86+x86_64 2.0.0 21.00 400.00 421.00 OK

Check Details

Version: 2.0.0
Check: tests
Result: ERROR
    Running the tests in ‘tests/testthat.R’ failed.
    Last 13 lines of output:
     8: expect_is(caretList(iris[, 1:4], iris[, 5], tuneList = good_bad, trControl = my_control,
     continue_on_fail = TRUE), "caretList")
     9: klass(object)
     10: paste(class(x), collapse = "/")
     11: caretList(iris[, 1:4], iris[, 5], tuneList = good_bad, trControl = my_control, continue_on_fail = TRUE)
     12: stop("caret:train failed for all models. Please inspect your data.")
    
     testthat results ================================================================
     OK: 434 SKIPPED: 26 FAILED: 1
     1. Error: caretList errors for bad models (@test-caretList.R#84)
    
     Error: testthat unit tests failed
     Execution halted
Flavor: r-patched-solaris-x86