CRAN Package Check Results for Package cec2005benchmark

Last updated on 2016-10-24 23:48:10.

Flavor Version Tinstall Tcheck Ttotal Status Flags
r-devel-linux-x86_64-debian-clang 1.0.4 2.98 14.12 17.11 NOTE
r-devel-linux-x86_64-debian-gcc 1.0.4 2.96 13.47 16.43 NOTE
r-devel-linux-x86_64-fedora-clang 1.0.4 25.50 NOTE
r-devel-linux-x86_64-fedora-gcc 1.0.4 23.86 NOTE
r-devel-macos-x86_64-clang 1.0.4 23.64 NOTE
r-devel-windows-ix86+x86_64 1.0.4 20.00 36.00 56.00 NOTE
r-patched-linux-x86_64 1.0.4 2.72 13.33 16.05 NOTE
r-patched-solaris-sparc 1.0.4 164.50 NOTE
r-patched-solaris-x86 1.0.4 36.30 NOTE
r-release-linux-x86_64 1.0.4 2.60 13.53 16.13 NOTE
r-release-osx-x86_64-mavericks 1.0.4 NOTE
r-release-windows-ix86+x86_64 1.0.4 14.00 33.00 47.00 NOTE
r-oldrel-windows-ix86+x86_64 1.0.4 72.00 35.00 107.00 NOTE

Check Details

Version: 1.0.4
Check: installed package size
Result: NOTE
     installed size is 6.1Mb
     sub-directories of 1Mb or more:
     extdata 5.8Mb
Flavors: r-devel-linux-x86_64-debian-clang, r-devel-linux-x86_64-debian-gcc, r-devel-linux-x86_64-fedora-clang, r-devel-linux-x86_64-fedora-gcc, r-devel-macos-x86_64-clang, r-devel-windows-ix86+x86_64, r-patched-linux-x86_64, r-patched-solaris-sparc, r-patched-solaris-x86, r-release-linux-x86_64, r-release-osx-x86_64-mavericks, r-release-windows-ix86+x86_64, r-oldrel-windows-ix86+x86_64