CRAN Package Check Results for Package chromer

Last updated on 2016-10-24 23:48:10.

Flavor Version Tinstall Tcheck Ttotal Status Flags
r-devel-linux-x86_64-debian-clang 0.1 1.30 17.94 19.24 NOTE
r-devel-linux-x86_64-debian-gcc 0.1 1.36 16.85 18.21 NOTE
r-devel-linux-x86_64-fedora-clang 0.1 34.43 NOTE
r-devel-linux-x86_64-fedora-gcc 0.1 32.79 NOTE
r-devel-macos-x86_64-clang 0.1 28.19 NOTE
r-devel-windows-ix86+x86_64 0.1 5.00 50.00 55.00 NOTE
r-patched-linux-x86_64 0.1 1.58 16.55 18.13 NOTE
r-patched-solaris-sparc 0.1 190.90 NOTE
r-patched-solaris-x86 0.1 41.50 NOTE
r-release-linux-x86_64 0.1 1.43 16.04 17.47 NOTE
r-release-osx-x86_64-mavericks 0.1 NOTE
r-release-windows-ix86+x86_64 0.1 7.00 50.00 57.00 NOTE
r-oldrel-windows-ix86+x86_64 0.1 7.00 52.00 59.00 NOTE

Check Details

Version: 0.1
Check: DESCRIPTION meta-information
Result: NOTE
    Malformed Description field: should contain one or more complete sentences.
Flavors: r-devel-linux-x86_64-debian-clang, r-devel-linux-x86_64-debian-gcc, r-devel-linux-x86_64-fedora-clang, r-devel-linux-x86_64-fedora-gcc, r-devel-macos-x86_64-clang, r-devel-windows-ix86+x86_64, r-patched-linux-x86_64, r-patched-solaris-sparc, r-patched-solaris-x86, r-release-linux-x86_64, r-release-osx-x86_64-mavericks, r-release-windows-ix86+x86_64, r-oldrel-windows-ix86+x86_64

Version: 0.1
Check: R code for possible problems
Result: NOTE
    parse_counts: no visible global function definition for ‘na.omit’
    Undefined global functions or variables:
     na.omit
    Consider adding
     importFrom("stats", "na.omit")
    to your NAMESPACE file.
Flavors: r-devel-linux-x86_64-debian-clang, r-devel-linux-x86_64-debian-gcc, r-devel-linux-x86_64-fedora-clang, r-devel-linux-x86_64-fedora-gcc, r-devel-macos-x86_64-clang, r-devel-windows-ix86+x86_64, r-patched-linux-x86_64, r-patched-solaris-sparc, r-patched-solaris-x86, r-release-linux-x86_64, r-release-osx-x86_64-mavericks, r-release-windows-ix86+x86_64