Last updated on 2016-10-24 23:48:11.
Flavor | Version | Tinstall | Tcheck | Ttotal | Status | Flags |
---|---|---|---|---|---|---|
r-devel-linux-x86_64-debian-clang | 0.1.3 | 1.66 | 22.78 | 24.45 | OK | |
r-devel-linux-x86_64-debian-gcc | 0.1.3 | 1.63 | 22.44 | 24.07 | OK | |
r-devel-linux-x86_64-fedora-clang | 0.1.3 | 47.46 | NOTE | |||
r-devel-linux-x86_64-fedora-gcc | 0.1.3 | 43.59 | NOTE | |||
r-devel-macos-x86_64-clang | 0.1.3 | 65.12 | NOTE | |||
r-devel-windows-ix86+x86_64 | 0.1.3 | 16.00 | 68.00 | 84.00 | OK | |
r-patched-linux-x86_64 | 0.1.3 | 1.41 | 21.61 | 23.02 | OK | |
r-patched-solaris-sparc | 0.1.3 | 303.70 | NOTE | |||
r-patched-solaris-x86 | 0.1.3 | 60.20 | NOTE | |||
r-release-linux-x86_64 | 0.1.3 | 1.30 | 21.76 | 23.07 | OK | |
r-release-osx-x86_64-mavericks | 0.1.3 | NOTE | ||||
r-release-windows-ix86+x86_64 | 0.1.3 | 17.00 | 58.00 | 75.00 | OK | |
r-oldrel-windows-ix86+x86_64 | 0.1.3 | 16.00 | 68.00 | 84.00 | NOTE |
Version: 0.1.3
Check: dependencies in R code
Result: NOTE
Namespaces in Imports field not imported from:
‘Rtsne’ ‘scatterplot3d’
All declared Imports should be used.
Flavors: r-devel-linux-x86_64-fedora-clang, r-devel-linux-x86_64-fedora-gcc, r-devel-macos-x86_64-clang, r-patched-solaris-sparc, r-patched-solaris-x86, r-release-osx-x86_64-mavericks, r-oldrel-windows-ix86+x86_64