CRAN Package Check Results for Package coala

Last updated on 2016-10-24 23:48:11.

Flavor Version Tinstall Tcheck Ttotal Status Flags
r-devel-linux-x86_64-debian-clang 0.4.1 54.36 46.33 100.69 OK
r-devel-linux-x86_64-debian-gcc 0.4.1 61.24 45.01 106.24 NOTE
r-devel-linux-x86_64-fedora-clang 0.4.1 205.83 OK
r-devel-linux-x86_64-fedora-gcc 0.4.1 202.15 OK
r-devel-macos-x86_64-clang 0.4.1 134.78 OK
r-devel-windows-ix86+x86_64 0.4.1 219.00 130.00 349.00 OK
r-patched-linux-x86_64 0.4.1 49.25 45.54 94.79 OK
r-patched-solaris-sparc 0.4.1 1031.30 OK
r-patched-solaris-x86 0.4.1 195.80 OK
r-release-linux-x86_64 0.4.1 48.42 44.58 93.00 OK
r-release-osx-x86_64-mavericks 0.4.1 OK
r-release-windows-ix86+x86_64 0.4.1 228.00 123.00 351.00 OK
r-oldrel-windows-ix86+x86_64 0.4.1 216.00 146.00 362.00 OK

Check Details

Version: 0.4.1
Check: installed package size
Result: NOTE
     installed size is 5.0Mb
     sub-directories of 1Mb or more:
     libs 4.3Mb
Flavor: r-devel-linux-x86_64-debian-gcc