CRAN Package Check Results for Package cocor

Last updated on 2016-10-24 23:48:11.

Flavor Version Tinstall Tcheck Ttotal Status Flags
r-devel-linux-x86_64-debian-clang 1.1-3 0.84 18.48 19.31 NOTE
r-devel-linux-x86_64-debian-gcc 1.1-3 0.96 17.98 18.94 NOTE
r-devel-linux-x86_64-fedora-clang 1.1-3 35.81 NOTE
r-devel-linux-x86_64-fedora-gcc 1.1-3 32.64 NOTE
r-devel-macos-x86_64-clang 1.1-3 26.37 NOTE
r-devel-windows-ix86+x86_64 1.1-3 5.00 52.00 57.00 NOTE
r-patched-linux-x86_64 1.1-3 0.77 17.45 18.22 NOTE
r-patched-solaris-sparc 1.1-3 181.60 NOTE
r-patched-solaris-x86 1.1-3 38.50 NOTE
r-release-linux-x86_64 1.1-3 0.85 16.98 17.83 NOTE
r-release-osx-x86_64-mavericks 1.1-3 NOTE
r-release-windows-ix86+x86_64 1.1-3 5.00 43.00 48.00 NOTE
r-oldrel-windows-ix86+x86_64 1.1-3 6.00 44.00 50.00 NOTE

Check Details

Version: 1.1-3
Check: package dependencies
Result: NOTE
    Package which this enhances but not available for checking: ‘rkward’
Flavors: r-devel-linux-x86_64-debian-clang, r-devel-linux-x86_64-debian-gcc, r-devel-linux-x86_64-fedora-clang, r-devel-linux-x86_64-fedora-gcc, r-devel-macos-x86_64-clang, r-devel-windows-ix86+x86_64, r-patched-linux-x86_64, r-patched-solaris-sparc, r-patched-solaris-x86, r-release-linux-x86_64, r-release-osx-x86_64-mavericks, r-release-windows-ix86+x86_64, r-oldrel-windows-ix86+x86_64