Last updated on 2016-10-24 23:48:11.
Flavor | Version | Tinstall | Tcheck | Ttotal | Status | Flags |
---|---|---|---|---|---|---|
r-devel-linux-x86_64-debian-clang | 2.0.1 | 64.65 | 452.93 | 517.57 | NOTE | |
r-devel-linux-x86_64-debian-gcc | 2.0.1 | 66.04 | 441.98 | 508.02 | NOTE | |
r-devel-linux-x86_64-fedora-clang | 2.0.1 | 1343.68 | NOTE | |||
r-devel-linux-x86_64-fedora-gcc | 2.0.1 | 1287.22 | NOTE | |||
r-devel-macos-x86_64-clang | 2.0.1 | 728.02 | OK | |||
r-devel-windows-ix86+x86_64 | 2.0.1 | 213.00 | 671.00 | 884.00 | OK | |
r-patched-linux-x86_64 | 2.0.1 | 53.39 | 440.01 | 493.41 | NOTE | |
r-patched-solaris-sparc | 2.0.1 | 821.10 | OK | --no-vignettes | ||
r-patched-solaris-x86 | 2.0.1 | 1693.60 | OK | |||
r-release-linux-x86_64 | 2.0.1 | 52.54 | 436.74 | 489.29 | NOTE | |
r-release-osx-x86_64-mavericks | 2.0.1 | NOTE | ||||
r-release-windows-ix86+x86_64 | 2.0.1 | 230.00 | 546.00 | 776.00 | OK | |
r-oldrel-windows-ix86+x86_64 | 2.0.1 | 207.00 | 801.00 | 1008.00 | OK |
Version: 2.0.1
Check: installed package size
Result: NOTE
installed size is 7.5Mb
sub-directories of 1Mb or more:
doc 2.2Mb
libs 4.5Mb
Flavors: r-devel-linux-x86_64-debian-clang, r-devel-linux-x86_64-debian-gcc, r-devel-linux-x86_64-fedora-clang, r-devel-linux-x86_64-fedora-gcc, r-patched-linux-x86_64, r-release-linux-x86_64, r-release-osx-x86_64-mavericks