Last updated on 2016-10-24 23:48:11.
Flavor | Version | Tinstall | Tcheck | Ttotal | Status | Flags |
---|---|---|---|---|---|---|
r-devel-linux-x86_64-debian-clang | 1.0-0 | 2.34 | 42.29 | 44.63 | OK | |
r-devel-linux-x86_64-debian-gcc | 1.0-0 | 2.62 | 40.66 | 43.27 | OK | |
r-devel-linux-x86_64-fedora-clang | 1.0-0 | 81.28 | OK | |||
r-devel-linux-x86_64-fedora-gcc | 1.0-0 | 77.77 | OK | |||
r-devel-macos-x86_64-clang | 1.0-0 | 55.32 | OK | |||
r-devel-windows-ix86+x86_64 | 1.0-0 | 22.00 | 116.00 | 138.00 | OK | |
r-patched-linux-x86_64 | 1.0-0 | 2.39 | 39.73 | 42.12 | OK | |
r-patched-solaris-sparc | 1.0-0 | 404.60 | OK | |||
r-patched-solaris-x86 | 1.0-0 | 83.50 | OK | |||
r-release-linux-x86_64 | 1.0-0 | 2.27 | 39.73 | 42.01 | OK | |
r-release-osx-x86_64-mavericks | 1.0-0 | NOTE | ||||
r-release-windows-ix86+x86_64 | 1.0-0 | 15.00 | 84.00 | 99.00 | OK | |
r-oldrel-windows-ix86+x86_64 | 1.0-0 | 18.00 | 125.00 | 143.00 | OK |
Version: 1.0-0
Check: re-building of vignette outputs
Result: NOTE
Error in re-building vignettes:
...
input string 416 is invalid in this locale
Warning in grepl("(Rerun to get|biblatex.*\\(re\\)run)", readLines(log, :
input string 422 is invalid in this locale
Error in texi2dvi(file = file, pdf = TRUE, clean = clean, quiet = quiet, :
Running 'texi2dvi' on 'crch.tex' failed.
LaTeX errors:
! Undefined control sequence.
l.15 ...<cc><db><c0>H<bb>^^^<b7><d8>]<f1>^^\^^Y;-E<f9>)c<c9>O<8a><94><8b>9p<ca>^^A<e5><c2>-g<94>\<f3>
^^W<e4><9a>?a9gOsC9^^RiFV^^T<81>4bl...
The control sequence at the end of the top line
of your error message was never \def'ed. If you have
! LaTeX Error: Missing \begin{document}.
See the LaTeX manual or LaTeX Companion for explanation.
Type H <return> for immediate help.
...
! Extra }, or forgotten \endgroup.
l.15 ...^X-&<e2><8d>3&<e2><8d>3&<e2><8d>3&<e2><8d>3&<e2><8d>3&<e2><fd>^^]J)<a5>^^T.N?<d5>Z<f3>}
<a5><94><d6><fa><ac><96><a7><db><f3><f5><fa><fa><fa><e9>.<b8><93>l?^^L<fe>5|<d3>...
I've deleted a group-closing symbol because it seems to be
spurious, as in `$x}$'. But perhaps the } is legitimate and
! Extra }, or forgotten \endgroup.
l.15 .
Calls: buildVignettes -> texi2pdf -> texi2dvi
Execution halted
Flavor: r-release-osx-x86_64-mavericks