Last updated on 2016-10-24 23:48:12.
Flavor | Version | Tinstall | Tcheck | Ttotal | Status | Flags |
---|---|---|---|---|---|---|
r-devel-linux-x86_64-debian-clang | 0.6.1.1 | 1.02 | 21.08 | 22.10 | OK | |
r-devel-linux-x86_64-debian-gcc | 0.6.1.1 | 0.94 | 21.59 | 22.53 | OK | |
r-devel-linux-x86_64-fedora-clang | 0.6.1.1 | 39.90 | OK | |||
r-devel-linux-x86_64-fedora-gcc | 0.6.1.1 | 36.89 | OK | |||
r-devel-macos-x86_64-clang | 0.6.1.1 | 33.19 | OK | |||
r-devel-windows-ix86+x86_64 | 0.6.1.1 | 8.00 | 74.00 | 82.00 | OK | |
r-patched-linux-x86_64 | 0.6.1.1 | 1.03 | 20.46 | 21.48 | OK | |
r-patched-solaris-sparc | 0.6.1.1 | 220.50 | WARN | |||
r-patched-solaris-x86 | 0.6.1.1 | 47.40 | WARN | |||
r-release-linux-x86_64 | 0.6.1.1 | 1.00 | 20.44 | 21.43 | OK | |
r-release-osx-x86_64-mavericks | 0.6.1.1 | OK | ||||
r-release-windows-ix86+x86_64 | 0.6.1.1 | 8.00 | 42.00 | 50.00 | OK | |
r-oldrel-windows-ix86+x86_64 | 0.6.1.1 | 8.00 | 75.00 | 83.00 | OK |
Version: 0.6.1.1
Check: re-building of vignette outputs
Result: WARN
Error in re-building vignettes:
...
Warning: It seems you should call rmarkdown::render() instead of knitr::knit2html() because Introduction.Rmd appears to be an R Markdown v2 document.
Quitting from lines 27-38 (Introduction.Rmd)
Error: processing vignette 'Introduction.Rmd' failed with diagnostics:
cannot open the connection
Execution halted
Flavors: r-patched-solaris-sparc, r-patched-solaris-x86