CRAN Package Check Results for Package darch

Last updated on 2016-10-24 23:48:12.

Flavor Version Tinstall Tcheck Ttotal Status Flags
r-devel-linux-x86_64-debian-clang 0.12.0 31.63 49.44 81.08 OK
r-devel-linux-x86_64-debian-gcc 0.12.0 30.97 50.42 81.39 OK
r-devel-linux-x86_64-fedora-clang 0.12.0 179.92 NOTE
r-devel-linux-x86_64-fedora-gcc 0.12.0 170.23 NOTE
r-devel-macos-x86_64-clang 0.12.0 126.94 NOTE
r-devel-windows-ix86+x86_64 0.12.0 133.00 143.00 276.00 NOTE
r-patched-linux-x86_64 0.12.0 27.28 49.88 77.16 OK
r-patched-solaris-sparc 0.12.0 947.00 NOTE
r-patched-solaris-x86 0.12.0 187.00 NOTE
r-release-linux-x86_64 0.12.0 26.67 48.69 75.35 OK
r-release-osx-x86_64-mavericks 0.12.0 NOTE
r-release-windows-ix86+x86_64 0.12.0 138.00 145.00 283.00 NOTE
r-oldrel-windows-ix86+x86_64 0.12.0 132.00 173.00 305.00 NOTE

Check Details

Version: 0.12.0
Check: package dependencies
Result: NOTE
    Package suggested but not available for checking: ‘gputools’
Flavors: r-devel-linux-x86_64-fedora-clang, r-devel-linux-x86_64-fedora-gcc, r-devel-macos-x86_64-clang, r-devel-windows-ix86+x86_64, r-patched-solaris-sparc, r-patched-solaris-x86, r-release-osx-x86_64-mavericks, r-release-windows-ix86+x86_64, r-oldrel-windows-ix86+x86_64

Version: 0.12.0
Check: Rd cross-references
Result: NOTE
    Package unavailable to check Rd xrefs: ‘gputools’
Flavors: r-devel-linux-x86_64-fedora-clang, r-devel-linux-x86_64-fedora-gcc, r-devel-macos-x86_64-clang, r-devel-windows-ix86+x86_64, r-patched-solaris-sparc, r-patched-solaris-x86, r-release-osx-x86_64-mavericks, r-release-windows-ix86+x86_64, r-oldrel-windows-ix86+x86_64