CRAN Package Check Results for Package deltaPlotR

Last updated on 2016-10-24 23:48:12.

Flavor Version Tinstall Tcheck Ttotal Status Flags
r-devel-linux-x86_64-debian-clang 1.5 0.62 11.96 12.58 NOTE
r-devel-linux-x86_64-debian-gcc 1.5 0.68 11.81 12.49 NOTE
r-devel-linux-x86_64-fedora-clang 1.5 21.18 NOTE
r-devel-linux-x86_64-fedora-gcc 1.5 19.99 NOTE
r-devel-macos-x86_64-clang 1.5 19.11 NOTE
r-devel-windows-ix86+x86_64 1.5 4.00 37.00 41.00 NOTE
r-patched-linux-x86_64 1.5 0.62 10.57 11.19 NOTE
r-patched-solaris-sparc 1.5 126.50 NOTE
r-patched-solaris-x86 1.5 27.90 NOTE
r-release-linux-x86_64 1.5 0.68 10.54 11.21 NOTE
r-release-osx-x86_64-mavericks 1.5 NOTE
r-release-windows-ix86+x86_64 1.5 4.00 25.00 29.00 NOTE
r-oldrel-windows-ix86+x86_64 1.5 5.00 32.00 37.00 OK

Check Details

Version: 1.5
Check: S3 generic/method consistency
Result: NOTE
    Found the following apparent S3 methods exported but not registered:
     print.deltaPlot
    See section ‘Registering S3 methods’ in the ‘Writing R Extensions’
    manual.
Flavors: r-devel-linux-x86_64-debian-clang, r-devel-linux-x86_64-debian-gcc, r-devel-linux-x86_64-fedora-clang, r-devel-linux-x86_64-fedora-gcc, r-devel-macos-x86_64-clang, r-patched-linux-x86_64, r-patched-solaris-sparc, r-patched-solaris-x86, r-release-linux-x86_64

Version: 1.5
Check: R code for possible problems
Result: NOTE
    deltaPlot : internalDelta: no visible global function definition for
     ‘qnorm’
    deltaPlot : internalDelta: no visible global function definition for
     ‘cov’
    deltaPlot: no visible global function definition for ‘capture.output’
    diagPlot : internalDP: no visible global function definition for ‘plot’
    diagPlot : internalDP: no visible global function definition for
     ‘abline’
    diagPlot : internalDP: no visible global function definition for
     ‘points’
    diagPlot : internalDP: no visible global function definition for ‘cor’
    diagPlot : internalDP: no visible global function definition for
     ‘legend’
    diagPlot: no visible global function definition for ‘pdf’
    diagPlot: no visible global function definition for ‘dev.off’
    diagPlot: no visible global function definition for ‘jpeg’
    print.deltaPlot: no visible global function definition for ‘symnum’
    Undefined global functions or variables:
     abline capture.output cor cov dev.off jpeg legend pdf plot points
     qnorm symnum
    Consider adding
     importFrom("grDevices", "dev.off", "jpeg", "pdf")
     importFrom("graphics", "abline", "legend", "plot", "points")
     importFrom("stats", "cor", "cov", "qnorm", "symnum")
     importFrom("utils", "capture.output")
    to your NAMESPACE file.
Flavors: r-devel-linux-x86_64-debian-clang, r-devel-linux-x86_64-debian-gcc, r-devel-linux-x86_64-fedora-clang, r-devel-linux-x86_64-fedora-gcc, r-devel-macos-x86_64-clang, r-devel-windows-ix86+x86_64, r-patched-linux-x86_64, r-patched-solaris-sparc, r-patched-solaris-x86, r-release-linux-x86_64, r-release-osx-x86_64-mavericks, r-release-windows-ix86+x86_64