CRAN Package Check Results for Package dispmod

Last updated on 2016-10-24 23:48:13.

Flavor Version Tinstall Tcheck Ttotal Status Flags
r-devel-linux-x86_64-debian-clang 1.1 0.56 10.48 11.05 NOTE
r-devel-linux-x86_64-debian-gcc 1.1 0.59 10.46 11.05 NOTE
r-devel-linux-x86_64-fedora-clang 1.1 19.64 NOTE
r-devel-linux-x86_64-fedora-gcc 1.1 17.23 NOTE
r-devel-macos-x86_64-clang 1.1 16.86 NOTE
r-devel-windows-ix86+x86_64 1.1 3.00 24.00 27.00 NOTE
r-patched-linux-x86_64 1.1 0.54 9.39 9.94 NOTE
r-patched-solaris-sparc 1.1 108.80 NOTE
r-patched-solaris-x86 1.1 25.10 NOTE
r-release-linux-x86_64 1.1 0.57 9.39 9.96 NOTE
r-release-osx-x86_64-mavericks 1.1 NOTE
r-release-windows-ix86+x86_64 1.1 2.00 28.00 30.00 NOTE
r-oldrel-windows-ix86+x86_64 1.1 2.00 22.00 24.00 OK

Check Details

Version: 1.1
Check: top-level files
Result: NOTE
    Non-standard file/directory found at top level:
     ‘Misc’
Flavors: r-devel-linux-x86_64-debian-clang, r-devel-linux-x86_64-debian-gcc, r-devel-linux-x86_64-fedora-clang, r-devel-linux-x86_64-fedora-gcc, r-patched-linux-x86_64, r-release-linux-x86_64

Version: 1.1
Check: S3 generic/method consistency
Result: NOTE
    Found the following apparent S3 methods exported but not registered:
     summary.dispmod
    See section ‘Registering S3 methods’ in the ‘Writing R Extensions’
    manual.
Flavors: r-devel-linux-x86_64-debian-clang, r-devel-linux-x86_64-debian-gcc, r-devel-linux-x86_64-fedora-clang, r-devel-linux-x86_64-fedora-gcc, r-devel-macos-x86_64-clang, r-patched-linux-x86_64, r-patched-solaris-sparc, r-patched-solaris-x86, r-release-linux-x86_64

Version: 1.1
Check: R code for possible problems
Result: NOTE
    glm.binomial.disp: no visible global function definition for ‘family’
    glm.binomial.disp : pearson.X2: no visible global function definition
     for ‘residuals’
    glm.binomial.disp: no visible global function definition for
     ‘model.matrix’
    glm.binomial.disp: no visible global function definition for
     ‘lm.influence’
    glm.poisson.disp: no visible global function definition for ‘family’
    glm.poisson.disp : pearson.X2: no visible global function definition
     for ‘residuals’
    glm.poisson.disp: no visible global function definition for
     ‘lm.influence’
    lm.disp: no visible global function definition for ‘glm.control’
    lm.disp: no visible binding for global variable ‘na.omit’
    lm.disp: no visible global function definition for ‘as.formula’
    lm.disp: no visible global function definition for ‘model.response’
    lm.disp: no visible global function definition for ‘model.offset’
    lm.disp: no visible global function definition for ‘is.empty.model’
    lm.disp: no visible global function definition for ‘model.matrix’
    lm.disp: no visible global function definition for ‘model.extract’
    lm.disp: no visible global function definition for ‘glm.fit’
    lm.disp: no visible global function definition for ‘gaussian’
    lm.disp: no visible global function definition for ‘Gamma’
    summary.dispmod: no visible global function definition for ‘pchisq’
    Undefined global functions or variables:
     Gamma as.formula family gaussian glm.control glm.fit is.empty.model
     lm.influence model.extract model.matrix model.offset model.response
     na.omit pchisq residuals
    Consider adding
     importFrom("stats", "Gamma", "as.formula", "family", "gaussian",
     "glm.control", "glm.fit", "is.empty.model", "lm.influence",
     "model.extract", "model.matrix", "model.offset",
     "model.response", "na.omit", "pchisq", "residuals")
    to your NAMESPACE file.
Flavors: r-devel-linux-x86_64-debian-clang, r-devel-linux-x86_64-debian-gcc, r-devel-linux-x86_64-fedora-clang, r-devel-linux-x86_64-fedora-gcc, r-devel-macos-x86_64-clang, r-devel-windows-ix86+x86_64, r-patched-linux-x86_64, r-patched-solaris-sparc, r-patched-solaris-x86, r-release-linux-x86_64, r-release-osx-x86_64-mavericks, r-release-windows-ix86+x86_64