CRAN Package Check Results for Package distory

Last updated on 2016-10-24 23:48:13.

Flavor Version Tinstall Tcheck Ttotal Status Flags
r-devel-linux-x86_64-debian-clang 1.4.2 5.42 32.39 37.81 NOTE
r-devel-linux-x86_64-debian-gcc 1.4.2 6.72 31.06 37.79 NOTE
r-devel-linux-x86_64-fedora-clang 1.4.2 71.24 NOTE
r-devel-linux-x86_64-fedora-gcc 1.4.2 69.82 NOTE
r-devel-macos-x86_64-clang 1.4.2 61.38 NOTE
r-devel-windows-ix86+x86_64 1.4.2 25.00 119.00 144.00 NOTE
r-patched-linux-x86_64 1.4.2 6.36 31.46 37.83 NOTE
r-patched-solaris-sparc 1.4.2 416.10 NOTE
r-patched-solaris-x86 1.4.2 83.30 NOTE
r-release-linux-x86_64 1.4.2 6.06 31.14 37.20 NOTE
r-release-osx-x86_64-mavericks 1.4.2 NOTE
r-release-windows-ix86+x86_64 1.4.2 31.00 83.00 114.00 NOTE
r-oldrel-windows-ix86+x86_64 1.4.2 25.00 124.00 149.00 OK

Check Details

Version: 1.4.2
Check: DESCRIPTION meta-information
Result: NOTE
    Deprecated license: BSD
Flavors: r-devel-linux-x86_64-debian-clang, r-devel-linux-x86_64-debian-gcc, r-devel-linux-x86_64-fedora-clang, r-devel-linux-x86_64-fedora-gcc, r-devel-macos-x86_64-clang, r-patched-linux-x86_64, r-patched-solaris-sparc, r-patched-solaris-x86, r-release-linux-x86_64, r-release-osx-x86_64-mavericks

Version: 1.4.2
Check: R code for possible problems
Result: NOTE
    dist.multiPhylo: no visible global function definition for ‘as.dist’
    gromov.hyperbolicity: no visible global function definition for
     ‘as.dist’
    mcmc.target.seq: no visible global function definition for ‘runif’
    phylo.diff: no visible global function definition for ‘par’
    phylo.diff: no visible global function definition for ‘plot’
    Undefined global functions or variables:
     as.dist par plot runif
    Consider adding
     importFrom("graphics", "par", "plot")
     importFrom("stats", "as.dist", "runif")
    to your NAMESPACE file.
Flavors: r-devel-linux-x86_64-debian-clang, r-devel-linux-x86_64-debian-gcc, r-devel-linux-x86_64-fedora-clang, r-devel-linux-x86_64-fedora-gcc, r-devel-macos-x86_64-clang, r-devel-windows-ix86+x86_64, r-patched-linux-x86_64, r-patched-solaris-sparc, r-patched-solaris-x86, r-release-linux-x86_64, r-release-osx-x86_64-mavericks, r-release-windows-ix86+x86_64