Last updated on 2016-10-24 23:48:14.
Flavor | Version | Tinstall | Tcheck | Ttotal | Status | Flags |
---|---|---|---|---|---|---|
r-devel-linux-x86_64-debian-clang | 1.3-2 | 4.03 | 60.08 | 64.11 | NOTE | |
r-devel-linux-x86_64-debian-gcc | 1.3-2 | 3.81 | 58.08 | 61.89 | NOTE | |
r-devel-linux-x86_64-fedora-clang | 1.3-2 | 136.46 | NOTE | |||
r-devel-linux-x86_64-fedora-gcc | 1.3-2 | 131.79 | NOTE | |||
r-devel-macos-x86_64-clang | 1.3-2 | 95.62 | NOTE | |||
r-devel-windows-ix86+x86_64 | 1.3-2 | 16.00 | 100.00 | 116.00 | NOTE | |
r-patched-linux-x86_64 | 1.3-2 | 3.67 | 55.66 | 59.33 | OK | |
r-patched-solaris-sparc | 1.3-2 | 736.90 | OK | |||
r-patched-solaris-x86 | 1.3-2 | 144.50 | OK | |||
r-release-linux-x86_64 | 1.3-2 | 3.56 | 54.69 | 58.25 | OK | |
r-release-osx-x86_64-mavericks | 1.3-2 | NOTE | ||||
r-release-windows-ix86+x86_64 | 1.3-2 | 15.00 | 98.00 | 113.00 | OK | |
r-oldrel-windows-ix86+x86_64 | 1.3-2 | 17.00 | 137.00 | 154.00 | OK |
Version: 1.3-2
Check: files in ‘vignettes’
Result: NOTE
Package has no Sweave vignette sources and no VignetteBuilder field.
Flavors: r-devel-linux-x86_64-debian-clang, r-devel-linux-x86_64-debian-gcc, r-devel-linux-x86_64-fedora-clang, r-devel-linux-x86_64-fedora-gcc, r-devel-macos-x86_64-clang, r-devel-windows-ix86+x86_64
Version: 1.3-2
Check: dependencies in R code
Result: NOTE
Invalid MIT-MAGIC-COOKIE-1 key
Flavor: r-release-osx-x86_64-mavericks