CRAN Package Check Results for Package elementR

Last updated on 2016-10-24 23:48:14.

Flavor Version Tinstall Tcheck Ttotal Status Flags
r-devel-linux-x86_64-debian-clang 1.1 3.55 80.93 84.48 OK
r-devel-linux-x86_64-debian-gcc 1.1 3.83 81.08 84.91 OK
r-devel-linux-x86_64-fedora-clang 1.1 137.75 OK
r-devel-linux-x86_64-fedora-gcc 1.1 128.87 OK
r-devel-macos-x86_64-clang 1.1 110.40 OK
r-devel-windows-ix86+x86_64 1.1 26.00 174.00 200.00 OK
r-patched-linux-x86_64 1.1 3.72 77.76 81.47 OK
r-patched-solaris-sparc 1.1 ERROR
r-patched-solaris-x86 1.1 160.30 OK
r-release-linux-x86_64 1.1 3.69 76.34 80.03 OK
r-release-osx-x86_64-mavericks 1.1 OK
r-release-windows-ix86+x86_64 1.1 23.00 172.00 195.00 OK
r-oldrel-windows-ix86+x86_64 1.1 23.00 139.00 162.00 OK

Check Details

Version: 1.1
Check: examples
Result: ERROR
    Running examples in ‘elementR-Ex.R’ failed
    The error most likely occurred in:
    
    > ### Name: elementR_project
    > ### Title: Object elementR_project
    > ### Aliases: elementR_project
    >
    > ### ** Examples
    >
    > ## create a new elementR_repStandard object based on the "filePath"
    > ## from a folder containing sample replicate
    >
    > filePath <- system.file("Example_Session", package="elementR")
    >
    > exampleProject <- elementR_project$new(filePath)
    
     *** caught segfault ***
    address 6827d150, cause 'memory not mapped'
Flavor: r-patched-solaris-sparc