Last updated on 2016-10-24 23:48:14.
Flavor | Version | Tinstall | Tcheck | Ttotal | Status | Flags |
---|---|---|---|---|---|---|
r-devel-linux-x86_64-debian-clang | 0.1.0 | 0.56 | 18.36 | 18.91 | OK | |
r-devel-linux-x86_64-debian-gcc | 0.1.0 | 0.63 | 17.57 | 18.20 | OK | |
r-devel-linux-x86_64-fedora-clang | 0.1.0 | 35.07 | OK | |||
r-devel-linux-x86_64-fedora-gcc | 0.1.0 | 31.43 | OK | |||
r-devel-macos-x86_64-clang | 0.1.0 | 27.59 | OK | |||
r-devel-windows-ix86+x86_64 | 0.1.0 | 3.00 | 39.00 | 42.00 | OK | |
r-patched-linux-x86_64 | 0.1.0 | 0.54 | 16.25 | 16.79 | OK | |
r-patched-solaris-sparc | 0.1.0 | 171.30 | OK | |||
r-patched-solaris-x86 | 0.1.0 | 37.20 | OK | |||
r-release-linux-x86_64 | 0.1.0 | 0.56 | 16.30 | 16.86 | OK | |
r-release-osx-x86_64-mavericks | 0.1.0 | ERROR | ||||
r-release-windows-ix86+x86_64 | 0.1.0 | 7.00 | 45.00 | 52.00 | OK |
Version: 0.1.0
Check: whether package can be installed
Result: ERROR
Installation failed.
Flavor: r-release-osx-x86_64-mavericks