CRAN Package Check Results for Package evolvability

Last updated on 2016-10-24 23:48:14.

Flavor Version Tinstall Tcheck Ttotal Status Flags
r-devel-linux-x86_64-debian-clang 1.1.0 0.65 10.43 11.08 NOTE
r-devel-linux-x86_64-debian-gcc 1.1.0 0.70 10.35 11.04 NOTE
r-devel-linux-x86_64-fedora-clang 1.1.0 18.85 NOTE
r-devel-linux-x86_64-fedora-gcc 1.1.0 17.74 NOTE
r-devel-macos-x86_64-clang 1.1.0 16.71 NOTE
r-devel-windows-ix86+x86_64 1.1.0 4.00 36.00 40.00 NOTE
r-patched-linux-x86_64 1.1.0 0.56 9.73 10.29 NOTE
r-patched-solaris-sparc 1.1.0 108.20 NOTE
r-patched-solaris-x86 1.1.0 24.40 NOTE
r-release-linux-x86_64 1.1.0 0.58 9.49 10.07 NOTE
r-release-osx-x86_64-mavericks 1.1.0 NOTE
r-release-windows-ix86+x86_64 1.1.0 4.00 25.00 29.00 NOTE
r-oldrel-windows-ix86+x86_64 1.1.0 4.00 31.00 35.00 OK

Check Details

Version: 1.1.0
Check: R code for possible problems
Result: NOTE
    evolvabilityBetaMCMC : <anonymous>: no visible binding for global
     variable ‘median’
    evolvabilityBetaMCMC: no visible binding for global variable ‘median’
    evolvabilityBetaMCMC2: no visible binding for global variable ‘median’
    evolvabilityMeans: no visible global function definition for ‘var’
    evolvabilityMeansMCMC : <anonymous>: no visible global function
     definition for ‘var’
    evolvabilityMeansMCMC: no visible binding for global variable ‘median’
    randomBeta: no visible global function definition for ‘rnorm’
    Undefined global functions or variables:
     median rnorm var
    Consider adding
     importFrom("stats", "median", "rnorm", "var")
    to your NAMESPACE file.
Flavors: r-devel-linux-x86_64-debian-clang, r-devel-linux-x86_64-debian-gcc, r-devel-linux-x86_64-fedora-clang, r-devel-linux-x86_64-fedora-gcc, r-devel-macos-x86_64-clang, r-devel-windows-ix86+x86_64, r-patched-linux-x86_64, r-patched-solaris-sparc, r-patched-solaris-x86, r-release-linux-x86_64, r-release-osx-x86_64-mavericks, r-release-windows-ix86+x86_64