CRAN Package Check Results for Package evt0

Last updated on 2016-10-24 23:48:14.

Flavor Version Tinstall Tcheck Ttotal Status Flags
r-devel-linux-x86_64-debian-clang 1.1-3 0.72 13.15 13.87 NOTE
r-devel-linux-x86_64-debian-gcc 1.1-3 0.71 12.80 13.51 NOTE
r-devel-linux-x86_64-fedora-clang 1.1-3 24.25 NOTE
r-devel-linux-x86_64-fedora-gcc 1.1-3 23.32 NOTE
r-devel-macos-x86_64-clang 1.1-3 20.60 NOTE
r-devel-windows-ix86+x86_64 1.1-3 4.00 42.00 46.00 NOTE
r-patched-linux-x86_64 1.1-3 0.63 12.41 13.04 NOTE
r-patched-solaris-sparc 1.1-3 138.90 NOTE
r-patched-solaris-x86 1.1-3 30.80 NOTE
r-release-linux-x86_64 1.1-3 0.61 12.09 12.70 NOTE
r-release-osx-x86_64-mavericks 1.1-3 NOTE
r-release-windows-ix86+x86_64 1.1-3 4.00 28.00 32.00 NOTE
r-oldrel-windows-ix86+x86_64 1.1-3 5.00 36.00 41.00 NOTE

Check Details

Version: 1.1-3
Check: dependencies in R code
Result: NOTE
    Package in Depends field not imported from: ‘evd’
     These packages need to be imported from (in the NAMESPACE file)
     for when this namespace is loaded but not attached.
Flavors: r-devel-linux-x86_64-debian-clang, r-devel-linux-x86_64-debian-gcc, r-devel-linux-x86_64-fedora-clang, r-devel-linux-x86_64-fedora-gcc, r-devel-macos-x86_64-clang, r-devel-windows-ix86+x86_64, r-patched-linux-x86_64, r-patched-solaris-sparc, r-patched-solaris-x86, r-release-linux-x86_64, r-release-osx-x86_64-mavericks, r-release-windows-ix86+x86_64, r-oldrel-windows-ix86+x86_64

Version: 1.1-3
Check: R code for possible problems
Result: NOTE
    DPOT: no visible global function definition for ‘optim’
    mop.rho: no visible global function definition for ‘median’
    Undefined global functions or variables:
     median optim
    Consider adding
     importFrom("stats", "median", "optim")
    to your NAMESPACE file.
Flavors: r-devel-linux-x86_64-debian-clang, r-devel-linux-x86_64-debian-gcc, r-devel-linux-x86_64-fedora-clang, r-devel-linux-x86_64-fedora-gcc, r-devel-macos-x86_64-clang, r-devel-windows-ix86+x86_64, r-patched-linux-x86_64, r-patched-solaris-sparc, r-patched-solaris-x86, r-release-linux-x86_64, r-release-osx-x86_64-mavericks, r-release-windows-ix86+x86_64