CRAN Package Check Results for Package extWeibQuant

Last updated on 2016-10-24 23:48:15.

Flavor Version Tinstall Tcheck Ttotal Status Flags
r-devel-linux-x86_64-debian-clang 1.1 1.55 11.84 13.39 NOTE
r-devel-linux-x86_64-debian-gcc 1.1 1.59 11.51 13.10 NOTE
r-devel-linux-x86_64-fedora-clang 1.1 22.62 NOTE
r-devel-linux-x86_64-fedora-gcc 1.1 20.85 NOTE
r-devel-macos-x86_64-clang 1.1 18.67 NOTE
r-devel-windows-ix86+x86_64 1.1 12.00 33.00 45.00 NOTE
r-patched-linux-x86_64 1.1 1.38 10.97 12.35 NOTE
r-patched-solaris-sparc 1.1 126.80 NOTE
r-patched-solaris-x86 1.1 27.90 NOTE
r-release-linux-x86_64 1.1 1.32 10.84 12.17 NOTE
r-release-osx-x86_64-mavericks 1.1 NOTE
r-release-windows-ix86+x86_64 1.1 7.00 30.00 37.00 NOTE
r-oldrel-windows-ix86+x86_64 1.1 9.00 27.00 36.00 OK

Check Details

Version: 1.1
Check: R code for possible problems
Result: NOTE
    bootstrapCMLE: no visible global function definition for ‘qweibull’
    bootstrapCMLE: no visible binding for global variable ‘sd’
    bootstrapCMLE: no visible global function definition for ‘quantile’
    bootstrapCenWbMix: no visible binding for global variable ‘sd’
    bootstrapCenWbMix: no visible global function definition for ‘quantile’
    cenWeibullMLE: no visible global function definition for ‘sd’
    expmx.p2.censor: no visible global function definition for ‘dweibull’
    expmx.p2.censor: no visible global function definition for ‘pweibull’
    genWbMixIni: no visible global function definition for ‘runif’
    log.llh.p2.censor: no visible global function definition for ‘dweibull’
    log.llh.p2.censor: no visible global function definition for ‘pweibull’
    quanWbMix : t.fun: no visible global function definition for ‘pweibull’
    quanWbMix: no visible global function definition for ‘uniroot’
    quanWbMix.int : t.fun: no visible global function definition for
     ‘pweibull’
    quanWbMix.int: no visible global function definition for ‘uniroot’
    simWbMix: no visible global function definition for ‘rbinom’
    simWbMix: no visible global function definition for ‘rweibull’
    Undefined global functions or variables:
     dweibull pweibull quantile qweibull rbinom runif rweibull sd uniroot
    Consider adding
     importFrom("stats", "dweibull", "pweibull", "quantile", "qweibull",
     "rbinom", "runif", "rweibull", "sd", "uniroot")
    to your NAMESPACE file.
Flavors: r-devel-linux-x86_64-debian-clang, r-devel-linux-x86_64-debian-gcc, r-devel-linux-x86_64-fedora-clang, r-devel-linux-x86_64-fedora-gcc, r-devel-macos-x86_64-clang, r-devel-windows-ix86+x86_64, r-patched-linux-x86_64, r-patched-solaris-sparc, r-patched-solaris-x86, r-release-linux-x86_64, r-release-osx-x86_64-mavericks, r-release-windows-ix86+x86_64