Last updated on 2016-10-24 23:48:15.
Flavor | Version | Tinstall | Tcheck | Ttotal | Status | Flags |
---|---|---|---|---|---|---|
r-devel-linux-x86_64-debian-clang | 0.6-1 | 0.78 | 14.18 | 14.96 | NOTE | |
r-devel-linux-x86_64-debian-gcc | 0.6-1 | 0.75 | 13.77 | 14.51 | NOTE | |
r-devel-linux-x86_64-fedora-clang | 0.6-1 | 24.80 | NOTE | |||
r-devel-linux-x86_64-fedora-gcc | 0.6-1 | 23.92 | NOTE | |||
r-devel-macos-x86_64-clang | 0.6-1 | 23.89 | NOTE | |||
r-devel-windows-ix86+x86_64 | 0.6-1 | 5.00 | 33.00 | 38.00 | NOTE | |
r-patched-linux-x86_64 | 0.6-1 | 0.74 | 13.15 | 13.89 | NOTE | |
r-patched-solaris-sparc | 0.6-1 | 151.50 | NOTE | |||
r-patched-solaris-x86 | 0.6-1 | 31.20 | NOTE | |||
r-release-linux-x86_64 | 0.6-1 | 0.74 | 13.05 | 13.79 | NOTE | |
r-release-osx-x86_64-mavericks | 0.6-1 | NOTE | ||||
r-release-windows-ix86+x86_64 | 0.6-1 | 3.00 | 31.00 | 34.00 | NOTE | |
r-oldrel-windows-ix86+x86_64 | 0.6-1 | 4.00 | 27.00 | 31.00 | OK |
Version: 0.6-1
Check: R code for possible problems
Result: NOTE
ftest: no visible global function definition for ‘wilcox.test’
ftest: no visible global function definition for ‘t.test’
Undefined global functions or variables:
t.test wilcox.test
Consider adding
importFrom("stats", "t.test", "wilcox.test")
to your NAMESPACE file.
Flavors: r-devel-linux-x86_64-debian-clang, r-devel-linux-x86_64-debian-gcc, r-devel-linux-x86_64-fedora-clang, r-devel-linux-x86_64-fedora-gcc, r-devel-macos-x86_64-clang, r-devel-windows-ix86+x86_64, r-patched-linux-x86_64, r-patched-solaris-sparc, r-patched-solaris-x86, r-release-linux-x86_64, r-release-osx-x86_64-mavericks, r-release-windows-ix86+x86_64