CRAN Package Check Results for Package fingerprint

Last updated on 2016-10-24 23:48:15.

Flavor Version Tinstall Tcheck Ttotal Status Flags
r-devel-linux-x86_64-debian-clang 3.5.2 1.49 16.07 17.56 WARN
r-devel-linux-x86_64-debian-gcc 3.5.2 1.38 16.15 17.54 WARN
r-devel-linux-x86_64-fedora-clang 3.5.2 32.67 WARN
r-devel-linux-x86_64-fedora-gcc 3.5.2 28.94 WARN
r-devel-macos-x86_64-clang 3.5.2 26.62 WARN
r-devel-windows-ix86+x86_64 3.5.2 10.00 45.00 55.00 WARN
r-patched-linux-x86_64 3.5.2 1.38 14.73 16.12 NOTE
r-patched-solaris-sparc 3.5.2 169.60 NOTE
r-patched-solaris-x86 3.5.2 40.10 NOTE
r-release-linux-x86_64 3.5.2 1.35 14.72 16.07 NOTE
r-release-osx-x86_64-mavericks 3.5.2 NOTE
r-release-windows-ix86+x86_64 3.5.2 6.00 41.00 47.00 NOTE
r-oldrel-windows-ix86+x86_64 3.5.2 22.00 42.00 64.00 NOTE

Check Details

Version: 3.5.2
Check: package namespace information
Result: NOTE
     Namespace with empty importFrom: ‘methods’
Flavors: r-devel-linux-x86_64-debian-clang, r-devel-linux-x86_64-debian-gcc, r-devel-linux-x86_64-fedora-clang, r-devel-linux-x86_64-fedora-gcc, r-devel-macos-x86_64-clang, r-devel-windows-ix86+x86_64, r-patched-linux-x86_64, r-patched-solaris-sparc, r-patched-solaris-x86, r-release-linux-x86_64, r-release-osx-x86_64-mavericks, r-release-windows-ix86+x86_64, r-oldrel-windows-ix86+x86_64

Version: 3.5.2
Check: whether the namespace can be loaded with stated dependencies
Result: NOTE
    Warning: no function found corresponding to methods exports from ‘fingerprint’ for: ‘show’
    
    A namespace must be able to be loaded with just the base namespace
    loaded: otherwise if the namespace gets loaded by a saved object, the
    session will be unable to start.
    
    Probably some imports need to be declared in the NAMESPACE file.
Flavors: r-devel-linux-x86_64-debian-clang, r-devel-linux-x86_64-debian-gcc, r-devel-linux-x86_64-fedora-clang, r-devel-linux-x86_64-fedora-gcc, r-devel-macos-x86_64-clang, r-devel-windows-ix86+x86_64, r-devel-windows-ix86+x86_64, r-patched-linux-x86_64, r-patched-solaris-sparc, r-patched-solaris-x86, r-release-linux-x86_64, r-release-osx-x86_64-mavericks, r-release-windows-ix86+x86_64, r-release-windows-ix86+x86_64

Version: 3.5.2
Check: R code for possible problems
Result: NOTE
    balance : <anonymous>: no visible global function definition for ‘new’
    balance: no visible global function definition for ‘new’
    fp.read: no visible global function definition for ‘new’
    fp.read : <anonymous>: no visible global function definition for ‘new’
    !,fingerprint: no visible global function definition for ‘new’
    &,fingerprint-fingerprint: no visible global function definition for
     ‘new’
    c,feature: no visible global function definition for ‘new’
    fold,fingerprint: no visible global function definition for ‘new’
    random.fingerprint,numeric-numeric: no visible global function
     definition for ‘new’
    xor,fingerprint-fingerprint: no visible global function definition for
     ‘new’
    |,fingerprint-fingerprint: no visible global function definition for
     ‘new’
    Undefined global functions or variables:
     new
    Consider adding
     importFrom("methods", "new")
    to your NAMESPACE file (and ensure that your DESCRIPTION Imports field
    contains 'methods').
Flavors: r-devel-linux-x86_64-debian-clang, r-devel-linux-x86_64-debian-gcc, r-devel-linux-x86_64-fedora-clang, r-devel-linux-x86_64-fedora-gcc, r-devel-macos-x86_64-clang, r-devel-windows-ix86+x86_64, r-patched-linux-x86_64, r-patched-solaris-sparc, r-patched-solaris-x86, r-release-linux-x86_64, r-release-osx-x86_64-mavericks, r-release-windows-ix86+x86_64

Version: 3.5.2
Check: for code/documentation mismatches
Result: WARN
    Codoc mismatches from documentation object 'c':
    \S4method{c}{feature}
     Code: function(x, ...)
     Docs: function(x, ..., recursive = FALSE)
     Argument names in docs not in code:
     recursive
Flavors: r-devel-linux-x86_64-debian-clang, r-devel-linux-x86_64-debian-gcc, r-devel-linux-x86_64-fedora-clang, r-devel-linux-x86_64-fedora-gcc, r-devel-macos-x86_64-clang, r-devel-windows-ix86+x86_64