CRAN Package Check Results for Package freqweights

Last updated on 2016-10-24 23:48:16.

Flavor Version Tinstall Tcheck Ttotal Status Flags
r-devel-linux-x86_64-debian-clang 1.0.2 1.66 25.16 26.82 NOTE
r-devel-linux-x86_64-debian-gcc 1.0.2 1.58 24.97 26.55 NOTE
r-devel-linux-x86_64-fedora-clang 1.0.2 50.75 NOTE
r-devel-linux-x86_64-fedora-gcc 1.0.2 47.50 NOTE
r-devel-macos-x86_64-clang 1.0.2 40.13 NOTE
r-devel-windows-ix86+x86_64 1.0.2 9.00 70.00 79.00 NOTE
r-patched-linux-x86_64 1.0.2 1.68 23.91 25.59 NOTE
r-patched-solaris-sparc 1.0.2 294.70 NOTE
r-patched-solaris-x86 1.0.2 63.00 NOTE
r-release-linux-x86_64 1.0.2 1.60 23.66 25.25 NOTE
r-release-osx-x86_64-mavericks 1.0.2 NOTE
r-release-windows-ix86+x86_64 1.0.2 10.00 65.00 75.00 NOTE
r-oldrel-windows-ix86+x86_64 1.0.2 11.00 62.00 73.00 OK

Check Details

Version: 1.0.2
Check: R code for possible problems
Result: NOTE
    .corfreq: no visible global function definition for ‘complete.cases’
    .covfreq: no visible global function definition for ‘complete.cases’
    .hclustvfreq: no visible global function definition for
     ‘complete.cases’
    .quantilefreq : <anonymous>: no visible global function definition for
     ‘approx’
    coef.biglmfreq: no visible global function definition for ‘coef’
    predict.biglmfreq: no visible global function definition for ‘predict’
    predict.lmfreq: no visible global function definition for ‘predict’
    summary.lmfreq: no visible global function definition for ‘coef’
    summary.lmfreq: no visible global function definition for ‘pt’
    summary.lmfreq: no visible global function definition for ‘AIC’
    update.biglmfreq: no visible global function definition for ‘update’
    Undefined global functions or variables:
     AIC approx coef complete.cases predict pt update
    Consider adding
     importFrom("stats", "AIC", "approx", "coef", "complete.cases",
     "predict", "pt", "update")
    to your NAMESPACE file.
Flavors: r-devel-linux-x86_64-debian-clang, r-devel-linux-x86_64-debian-gcc, r-devel-linux-x86_64-fedora-clang, r-devel-linux-x86_64-fedora-gcc, r-devel-macos-x86_64-clang, r-devel-windows-ix86+x86_64, r-patched-linux-x86_64, r-patched-solaris-sparc, r-patched-solaris-x86, r-release-linux-x86_64, r-release-osx-x86_64-mavericks, r-release-windows-ix86+x86_64