CRAN Package Check Results for Package fxregime

Last updated on 2016-10-24 23:48:16.

Flavor Version Tinstall Tcheck Ttotal Status Flags
r-devel-linux-x86_64-debian-clang 1.0-3 3.68 47.49 51.17 NOTE --no-vignettes
r-devel-linux-x86_64-debian-gcc 1.0-3 3.88 46.29 50.16 NOTE --no-vignettes
r-devel-linux-x86_64-fedora-clang 1.0-3 507.08 NOTE
r-devel-linux-x86_64-fedora-gcc 1.0-3 464.90 NOTE
r-devel-macos-x86_64-clang 1.0-3 368.77 NOTE
r-devel-windows-ix86+x86_64 1.0-3 16.00 109.00 125.00 NOTE --no-vignettes
r-patched-linux-x86_64 1.0-3 3.65 44.53 48.17 NOTE --no-vignettes
r-patched-solaris-sparc 1.0-3 3593.10 NOTE
r-patched-solaris-x86 1.0-3 485.10 NOTE
r-release-linux-x86_64 1.0-3 3.79 44.37 48.17 NOTE --no-vignettes
r-release-osx-x86_64-mavericks 1.0-3 NOTE
r-release-windows-ix86+x86_64 1.0-3 15.00 72.00 87.00 NOTE --no-vignettes
r-oldrel-windows-ix86+x86_64 1.0-3 16.00 149.00 165.00 NOTE --no-vignettes

Check Details

Version: 1.0-3
Flags: --no-vignettes
Check: dependencies in R code
Result: NOTE
    'library' or 'require' call to ‘foreach’ in package code.
     Please use :: or requireNamespace() instead.
     See section 'Suggested packages' in the 'Writing R Extensions' manual.
Flavors: r-devel-linux-x86_64-debian-clang, r-devel-linux-x86_64-debian-gcc, r-devel-windows-ix86+x86_64, r-patched-linux-x86_64, r-release-linux-x86_64, r-release-windows-ix86+x86_64, r-oldrel-windows-ix86+x86_64

Version: 1.0-3
Flags: --no-vignettes
Check: R code for possible problems
Result: NOTE
    fxreturns: no visible binding for global variable ‘FXRatesCHF’
    fxreturns : <anonymous>: no visible global function definition for
     ‘tail’
    gbreakpoints: no visible global function definition for ‘%dopar%’
    gbreakpoints: no visible global function definition for ‘foreach’
    Undefined global functions or variables:
     %dopar% FXRatesCHF foreach tail
    Consider adding
     importFrom("utils", "tail")
    to your NAMESPACE file.
Flavors: r-devel-linux-x86_64-debian-clang, r-devel-linux-x86_64-debian-gcc, r-devel-windows-ix86+x86_64, r-patched-linux-x86_64, r-release-linux-x86_64, r-release-windows-ix86+x86_64

Version: 1.0-3
Check: dependencies in R code
Result: NOTE
    'library' or 'require' call to ‘foreach’ in package code.
     Please use :: or requireNamespace() instead.
     See section 'Suggested packages' in the 'Writing R Extensions' manual.
Flavors: r-devel-linux-x86_64-fedora-clang, r-devel-linux-x86_64-fedora-gcc, r-devel-macos-x86_64-clang, r-patched-solaris-sparc, r-patched-solaris-x86, r-release-osx-x86_64-mavericks

Version: 1.0-3
Check: R code for possible problems
Result: NOTE
    fxreturns: no visible binding for global variable ‘FXRatesCHF’
    fxreturns : <anonymous>: no visible global function definition for
     ‘tail’
    gbreakpoints: no visible global function definition for ‘%dopar%’
    gbreakpoints: no visible global function definition for ‘foreach’
    Undefined global functions or variables:
     %dopar% FXRatesCHF foreach tail
    Consider adding
     importFrom("utils", "tail")
    to your NAMESPACE file.
Flavors: r-devel-linux-x86_64-fedora-clang, r-devel-linux-x86_64-fedora-gcc, r-devel-macos-x86_64-clang, r-patched-solaris-sparc, r-patched-solaris-x86, r-release-osx-x86_64-mavericks

Version: 1.0-3
Check: re-building of vignette outputs
Result: NOTE
    Error in re-building vignettes:
     ...
     input string 191 is invalid in this locale
    Warning in grepl("(Rerun to get|biblatex.*\\(re\\)run)", readLines(log, :
     input string 192 is invalid in this locale
    Warning in grepl("(Rerun to get|biblatex.*\\(re\\)run)", readLines(log, :
     input string 200 is invalid in this locale
    Error in texi2dvi(file = file, pdf = TRUE, clean = clean, quiet = quiet, :
     Running 'texi2dvi' on 'CNY.tex' failed.
    LaTeX errors:
    ! Undefined control sequence.
    l.31 ...<f9><f3><a7>\.;q*<e0><88><ed><ed><ed><d0> <ac>~<d0><e6>+W<88><ca><e5>2J<fb>Μ^^@σ<83><83>0<89><f1>x\T
     <c3>^^Q^^Y<e2>~^^H<ed><de>^^U`<8c><f5><f7><f7><e3><93>s<ce>...
    The control sequence at the end of the top line
    of your error message was never \def'ed. If you have
    ! Undefined control sequence.
    l.34 ΘeY<b9>\N
     <84>x<a2>B^^DX^^@E?T<ed>^^P<91>E<a3>ю<8e><8e>|>/<8a>GD<94><cb>尙<c3><dd>z^^E<f6>^^P+x<^^^I<92>$I<d2>4M<92>$UU^...
    The control sequence at the end of the top line
    of your error message was never \def'ed. If you have
    ! Undefined control sequence.
    l.36 <8c>C@^^OP^^D\<b2>
     <c0><fd><0b>\<a6>A<bb>X<ee><a0><cd>7x<8d><a1><f2><d9>ù<87> <99><9e><9e>~<f4><e8>^^QB<8d><ab>W<af>^^B^^Tt^<f2><a2>]^^Nq<d2>^^@<d4>#O<ab>^...
    The control sequence at the end of the top line
    of your error message was never \def'ed. If you h
    Calls: buildVignettes -> texi2pdf -> texi2dvi
    Execution halted
Flavor: r-release-osx-x86_64-mavericks

Version: 1.0-3
Flags: --no-vignettes
Check: R code for possible problems
Result: NOTE
    fxreturns: no visible binding for global variable 'FXRatesCHF'
    gbreakpoints: no visible global function definition for '%dopar%'
    gbreakpoints: no visible global function definition for 'foreach'
Flavor: r-oldrel-windows-ix86+x86_64