CRAN Package Check Results for Package gRain

Last updated on 2016-10-24 23:48:18.

Flavor Version Tinstall Tcheck Ttotal Status Flags
r-devel-linux-x86_64-debian-clang 1.3-0 22.47 54.06 76.53 OK
r-devel-linux-x86_64-debian-gcc 1.3-0 26.99 52.83 79.82 OK
r-devel-linux-x86_64-fedora-clang 1.3-0 173.40 OK
r-devel-linux-x86_64-fedora-gcc 1.3-0 160.62 OK
r-devel-macos-x86_64-clang 1.3-0 117.45 OK
r-devel-windows-ix86+x86_64 1.3-0 100.00 150.00 250.00 OK
r-patched-linux-x86_64 1.3-0 20.62 52.08 72.70 OK
r-patched-solaris-sparc 1.3-0 833.50 NOTE
r-patched-solaris-x86 1.3-0 184.50 NOTE
r-release-linux-x86_64 1.3-0 20.45 51.98 72.43 OK
r-release-osx-x86_64-mavericks 1.3-0 OK
r-release-windows-ix86+x86_64 1.3-0 98.00 118.00 216.00 OK
r-oldrel-windows-ix86+x86_64 1.3-0 96.00 191.00 287.00 OK

Check Details

Version: 1.3-0
Check: package dependencies
Result: NOTE
    Package suggested but not available for checking: ‘microbenchmark’
Flavors: r-patched-solaris-sparc, r-patched-solaris-x86