Last updated on 2016-10-24 23:48:16.
Flavor | Version | Tinstall | Tcheck | Ttotal | Status | Flags |
---|---|---|---|---|---|---|
r-devel-linux-x86_64-debian-clang | 0.0.4 | 1.38 | 36.24 | 37.62 | WARN | |
r-devel-linux-x86_64-debian-gcc | 0.0.4 | 1.42 | 34.63 | 36.05 | WARN | |
r-devel-linux-x86_64-fedora-clang | 0.0.4 | 73.53 | WARN | |||
r-devel-linux-x86_64-fedora-gcc | 0.0.4 | 70.13 | WARN | |||
r-devel-macos-x86_64-clang | 0.0.4 | 61.93 | WARN | |||
r-devel-windows-ix86+x86_64 | 0.0.4 | 7.00 | 87.00 | 94.00 | WARN | |
r-patched-linux-x86_64 | 0.0.4 | 1.41 | 35.61 | 37.03 | OK | |
r-patched-solaris-sparc | 0.0.4 | 425.30 | OK | |||
r-patched-solaris-x86 | 0.0.4 | 84.40 | OK | |||
r-release-linux-x86_64 | 0.0.4 | 1.34 | 35.67 | 37.00 | OK | |
r-release-osx-x86_64-mavericks | 0.0.4 | OK | ||||
r-release-windows-ix86+x86_64 | 0.0.4 | 8.00 | 62.00 | 70.00 | OK | |
r-oldrel-windows-ix86+x86_64 | 0.0.4 | 8.00 | 97.00 | 105.00 | OK |
Version: 0.0.4
Check: files in ‘vignettes’
Result: WARN
Files in the 'vignettes' directory newer than all files in 'inst/doc':
‘tcga_example.Rmd’
Flavors: r-devel-linux-x86_64-debian-clang, r-devel-linux-x86_64-debian-gcc, r-devel-linux-x86_64-fedora-clang, r-devel-linux-x86_64-fedora-gcc, r-devel-macos-x86_64-clang, r-devel-windows-ix86+x86_64