Last updated on 2016-10-24 23:48:17.
Flavor | Version | Tinstall | Tcheck | Ttotal | Status | Flags |
---|---|---|---|---|---|---|
r-devel-linux-x86_64-debian-clang | 0.1-1 | 1.07 | 10.57 | 11.64 | OK | |
r-devel-linux-x86_64-debian-gcc | 0.1-1 | 1.19 | 10.66 | 11.85 | OK | |
r-devel-linux-x86_64-fedora-clang | 0.1-1 | 20.67 | OK | |||
r-devel-linux-x86_64-fedora-gcc | 0.1-1 | 18.51 | OK | |||
r-devel-macos-x86_64-clang | 0.1-1 | 18.05 | OK | |||
r-devel-windows-ix86+x86_64 | 0.1-1 | 14.00 | 41.00 | 55.00 | OK | |
r-patched-linux-x86_64 | 0.1-1 | 0.94 | 10.23 | 11.17 | OK | |
r-patched-solaris-sparc | 0.1-1 | 101.70 | OK | |||
r-patched-solaris-x86 | 0.1-1 | 23.50 | OK | |||
r-release-linux-x86_64 | 0.1-1 | 1.01 | 9.43 | 10.43 | OK | |
r-release-osx-x86_64-mavericks | 0.1-1 | NOTE | ||||
r-release-windows-ix86+x86_64 | 0.1-1 | 12.00 | 27.00 | 39.00 | OK | |
r-oldrel-windows-ix86+x86_64 | 0.1-1 | 11.00 | 42.00 | 53.00 | OK |
Version: 0.1-1
Check: dependencies in R code
Result: NOTE
Invalid MIT-MAGIC-COOKIE-1 key
Flavor: r-release-osx-x86_64-mavericks