CRAN Package Check Results for Package ggRandomForests

Last updated on 2016-10-24 23:48:17.

Flavor Version Tinstall Tcheck Ttotal Status Flags
r-devel-linux-x86_64-debian-clang 2.0.1 2.98 44.23 47.22 OK
r-devel-linux-x86_64-debian-gcc 2.0.1 3.02 44.41 47.43 OK
r-devel-linux-x86_64-fedora-clang 2.0.1 107.42 NOTE
r-devel-linux-x86_64-fedora-gcc 2.0.1 100.93 NOTE
r-devel-macos-x86_64-clang 2.0.1 81.06 NOTE
r-devel-windows-ix86+x86_64 2.0.1 14.00 104.00 118.00 OK
r-patched-linux-x86_64 2.0.1 2.81 44.83 47.64 OK
r-patched-solaris-sparc 2.0.1 517.00 NOTE
r-patched-solaris-x86 2.0.1 121.90 NOTE
r-release-linux-x86_64 2.0.1 2.86 42.98 45.84 OK
r-release-osx-x86_64-mavericks 2.0.1 NOTE
r-release-windows-ix86+x86_64 2.0.1 13.00 101.00 114.00 OK
r-oldrel-windows-ix86+x86_64 2.0.1 14.00 105.00 119.00 NOTE

Check Details

Version: 2.0.1
Check: dependencies in R code
Result: NOTE
    Namespace in Imports field not imported from: ‘randomForest’
     All declared Imports should be used.
Flavors: r-devel-linux-x86_64-fedora-clang, r-devel-linux-x86_64-fedora-gcc, r-devel-macos-x86_64-clang, r-patched-solaris-sparc, r-patched-solaris-x86, r-release-osx-x86_64-mavericks, r-oldrel-windows-ix86+x86_64