CRAN Package Check Results for Package ggiraph

Last updated on 2016-10-24 23:48:17.

Flavor Version Tinstall Tcheck Ttotal Status Flags
r-devel-linux-x86_64-debian-clang 0.3.1 1.46 27.46 28.92 OK
r-devel-linux-x86_64-debian-gcc 0.3.1 1.63 27.57 29.20 OK
r-devel-linux-x86_64-fedora-clang 0.3.1 56.53 OK
r-devel-linux-x86_64-fedora-gcc 0.3.1 50.06 OK
r-devel-macos-x86_64-clang 0.3.1 43.45 OK
r-devel-windows-ix86+x86_64 0.3.1 13.00 81.00 94.00 OK
r-patched-linux-x86_64 0.3.1 1.40 26.34 27.74 OK
r-patched-solaris-sparc 0.3.1 275.10 WARN
r-patched-solaris-x86 0.3.1 57.30 WARN
r-release-linux-x86_64 0.3.1 1.46 25.91 27.37 OK
r-release-osx-x86_64-mavericks 0.3.1 WARN
r-release-windows-ix86+x86_64 0.3.1 10.00 58.00 68.00 OK
r-oldrel-windows-ix86+x86_64 0.3.1 10.00 89.00 99.00 OK

Check Details

Version: 0.3.1
Check: re-building of vignette outputs
Result: WARN
    Error in re-building vignettes:
     ...
    Warning: It seems you should call rmarkdown::render() instead of knitr::knit2html() because custom_effects.Rmd appears to be an R Markdown v2 document.
    Loading required package: ggplot2
    PhantomJS not found. You can install it with webshot::install_phantomjs(). If it is installed, please make sure the phantomjs executable can be found via the PATH variable.
    Quitting from lines 21-29 (custom_effects.Rmd)
    Error: processing vignette 'custom_effects.Rmd' failed with diagnostics:
    cannot open the connection
    Execution halted
Flavors: r-patched-solaris-sparc, r-patched-solaris-x86

Version: 0.3.1
Check: re-building of vignette outputs
Result: WARN
    Error in re-building vignettes:
     ...
    Warning in (if (grepl("\\.[Rr]md$", file)) knit2html else if (grepl("\\.[Rr]rst$", :
     It seems you should call rmarkdown::render() instead of knitr::knit2html() because custom_effects.Rmd appears to be an R Markdown v2 document.
    Loading required package: ggplot2
    PhantomJS not found. You can install it with webshot::install_phantomjs(). If it is installed, please make sure the phantomjs executable can be found via the PATH variable.
    Quitting from lines 21-29 (custom_effects.Rmd)
    Error: processing vignette 'custom_effects.Rmd' failed with diagnostics:
    cannot open the connection
    Execution halted
Flavor: r-release-osx-x86_64-mavericks