Last updated on 2016-10-24 23:48:18.
Flavor | Version | Tinstall | Tcheck | Ttotal | Status | Flags |
---|---|---|---|---|---|---|
r-devel-linux-x86_64-debian-clang | 0.2.1 | 193.72 | 62.00 | 255.72 | NOTE | |
r-devel-linux-x86_64-debian-gcc | 0.2.1 | 213.40 | 62.30 | 275.70 | NOTE | |
r-devel-linux-x86_64-fedora-clang | 0.2.1 | 518.85 | NOTE | |||
r-devel-linux-x86_64-fedora-gcc | 0.2.1 | 527.61 | NOTE | |||
r-devel-macos-x86_64-clang | 0.2.1 | 328.99 | OK | |||
r-devel-windows-ix86+x86_64 | 0.2.1 | 429.00 | 6.00 | 435.00 | ERROR | |
r-patched-linux-x86_64 | 0.2.1 | 181.93 | 65.71 | 247.65 | NOTE | |
r-patched-solaris-sparc | 0.2.1 | 2534.20 | OK | |||
r-patched-solaris-x86 | 0.2.1 | 503.00 | OK | |||
r-release-linux-x86_64 | 0.2.1 | 179.50 | 58.23 | 237.73 | NOTE | |
r-release-osx-x86_64-mavericks | 0.2.1 | NOTE | ||||
r-release-windows-ix86+x86_64 | 0.2.1 | 447.00 | 5.00 | 452.00 | ERROR | |
r-oldrel-windows-ix86+x86_64 | 0.2.1 | 803.00 | 239.00 | 1042.00 | NOTE |
Memtest notes: gcc6-ASAN gcc7-ASAN valgrind
Version: 0.2.1
Check: installed package size
Result: NOTE
installed size is 14.9Mb
sub-directories of 1Mb or more:
libs 13.9Mb
Flavors: r-devel-linux-x86_64-debian-clang, r-devel-linux-x86_64-debian-gcc, r-devel-linux-x86_64-fedora-clang, r-devel-linux-x86_64-fedora-gcc, r-patched-linux-x86_64, r-release-linux-x86_64, r-release-osx-x86_64-mavericks, r-oldrel-windows-ix86+x86_64
Version: 0.2.1
Check: whether package can be installed
Result: ERROR
Installation failed.
Flavors: r-devel-windows-ix86+x86_64, r-release-windows-ix86+x86_64