Last updated on 2016-10-24 23:48:18.
Flavor | Version | Tinstall | Tcheck | Ttotal | Status | Flags |
---|---|---|---|---|---|---|
r-devel-linux-x86_64-debian-clang | 1.1.2 | 334.17 | 50.33 | 384.51 | NOTE | |
r-devel-linux-x86_64-debian-gcc | 1.1.2 | 326.62 | 51.86 | 378.48 | NOTE | |
r-devel-linux-x86_64-fedora-clang | 1.1.2 | 65.59 | NOTE | --install=fake | ||
r-devel-linux-x86_64-fedora-gcc | 1.1.2 | 63.73 | NOTE | --install=fake | ||
r-devel-macos-x86_64-clang | 1.1.2 | 4.95 | ERROR | |||
r-patched-linux-x86_64 | 1.1.2 | 285.95 | 49.07 | 335.01 | NOTE | |
r-release-linux-x86_64 | 1.1.2 | 284.27 | 48.88 | 333.15 | NOTE | |
r-release-osx-x86_64-mavericks | 1.1.2 | ERROR | ||||
r-release-windows-ix86+x86_64 | 1.1.2 | 1.00 | 4.00 | 5.00 | ERROR | |
r-oldrel-windows-ix86+x86_64 | 1.0.1 | 2.00 | 2.00 | 4.00 | ERROR |
Version: 1.1.2
Check: installed package size
Result: NOTE
installed size is 52.5Mb
sub-directories of 1Mb or more:
libs 51.3Mb
Flavors: r-devel-linux-x86_64-debian-clang, r-devel-linux-x86_64-debian-gcc, r-patched-linux-x86_64, r-release-linux-x86_64
Version: 1.1.2
Check: DESCRIPTION meta-information
Result: NOTE
Versioned 'LinkingTo' value for ‘RViennaCL’ is only usable in R >= 3.0.2
Flavors: r-devel-linux-x86_64-debian-clang, r-devel-linux-x86_64-debian-gcc, r-patched-linux-x86_64, r-release-linux-x86_64
Version: 1.1.2
Flags: --install=fake
Check: DESCRIPTION meta-information
Result: NOTE
Versioned 'LinkingTo' value for ‘RViennaCL’ is only usable in R >= 3.0.2
Flavors: r-devel-linux-x86_64-fedora-clang, r-devel-linux-x86_64-fedora-gcc
Version: 1.1.2
Check: whether package can be installed
Result: ERROR
Installation failed.
Flavors: r-devel-macos-x86_64-clang, r-release-osx-x86_64-mavericks, r-release-windows-ix86+x86_64
Version: 1.0.1
Check: whether package can be installed
Result: ERROR
Installation failed.
Flavor: r-oldrel-windows-ix86+x86_64