Last updated on 2016-10-24 23:48:18.
Flavor | Version | Tinstall | Tcheck | Ttotal | Status | Flags |
---|---|---|---|---|---|---|
r-devel-linux-x86_64-debian-clang | 0.7-1 | 3.66 | 46.40 | 50.06 | NOTE | |
r-devel-linux-x86_64-debian-gcc | 0.7-1 | 3.46 | 45.35 | 48.81 | NOTE | |
r-devel-linux-x86_64-fedora-clang | 0.7-1 | 113.00 | NOTE | |||
r-devel-linux-x86_64-fedora-gcc | 0.7-1 | 113.21 | NOTE | |||
r-devel-macos-x86_64-clang | 0.7-1 | 85.16 | NOTE | |||
r-devel-windows-ix86+x86_64 | 0.7-1 | 18.00 | 117.00 | 135.00 | NOTE | |
r-patched-linux-x86_64 | 0.7-1 | 9.03 | 45.03 | 54.06 | NOTE | |
r-patched-solaris-sparc | 0.7-1 | 606.90 | NOTE | |||
r-patched-solaris-x86 | 0.7-1 | 139.80 | NOTE | |||
r-release-linux-x86_64 | 0.7-1 | 3.42 | 44.56 | 47.98 | NOTE | |
r-release-osx-x86_64-mavericks | 0.7-1 | NOTE | ||||
r-release-windows-ix86+x86_64 | 0.7-1 | 14.00 | 86.00 | 100.00 | NOTE | |
r-oldrel-windows-ix86+x86_64 | 0.7-1 | 16.00 | 132.00 | 148.00 | NOTE |
Version: 0.7-1
Check: R code for possible problems
Result: NOTE
accrualReport: multiple local function definitions for ‘gg’ with
different formal arguments
Flavors: r-devel-linux-x86_64-debian-clang, r-devel-linux-x86_64-debian-gcc, r-devel-linux-x86_64-fedora-clang, r-devel-linux-x86_64-fedora-gcc, r-devel-macos-x86_64-clang, r-devel-windows-ix86+x86_64, r-patched-linux-x86_64, r-patched-solaris-sparc, r-patched-solaris-x86, r-release-linux-x86_64, r-release-osx-x86_64-mavericks, r-release-windows-ix86+x86_64, r-oldrel-windows-ix86+x86_64